Last updated on 2024-05-21 16:53:36 CEST.
Flavor | Version | Tinstall | Tcheck | Ttotal | Status | Flags |
---|---|---|---|---|---|---|
r-devel-linux-x86_64-debian-clang | 0.1.0 | 2.34 | 24.84 | 27.18 | OK | |
r-devel-linux-x86_64-debian-gcc | 0.1.0 | 2.17 | 18.82 | 20.99 | OK | |
r-devel-linux-x86_64-fedora-clang | 0.1.0 | 34.33 | NOTE | |||
r-devel-linux-x86_64-fedora-gcc | 0.1.0 | 31.95 | NOTE | |||
r-devel-windows-x86_64 | 0.1.0 | 3.00 | 81.00 | 84.00 | OK | |
r-patched-linux-x86_64 | 0.1.0 | 2.45 | 24.14 | 26.59 | OK | |
r-release-linux-x86_64 | 0.1.0 | 2.10 | 23.94 | 26.04 | OK | |
r-release-macos-arm64 | 0.1.0 | 15.00 | OK | |||
r-release-windows-x86_64 | 0.1.0 | 3.00 | 42.00 | 45.00 | OK | |
r-oldrel-macos-arm64 | 0.1.0 | 16.00 | OK | |||
r-oldrel-macos-x86_64 | 0.1.0 | 21.00 | OK | |||
r-oldrel-windows-x86_64 | 0.1.0 | 4.00 | 46.00 | 50.00 | OK |
Version: 0.1.0
Check: dependencies in R code
Result: NOTE
Namespace in Imports field not imported from: ‘stats’
All declared Imports should be used.
Flavors: r-devel-linux-x86_64-fedora-clang, r-devel-linux-x86_64-fedora-gcc