CRAN Package Check Results for Package TSstudio

Last updated on 2024-03-03 01:01:00 CET.

Flavor Version Tinstall Tcheck Ttotal Status Flags
r-devel-linux-x86_64-debian-clang 0.1.7 7.51 91.74 99.25 OK
r-devel-linux-x86_64-debian-gcc 0.1.7 7.23 69.42 76.65 OK
r-devel-linux-x86_64-fedora-clang 0.1.7 121.26 NOTE
r-devel-linux-x86_64-fedora-gcc 0.1.7 131.98 NOTE
r-devel-windows-x86_64 0.1.7 9.00 89.00 98.00 OK
r-patched-linux-x86_64 0.1.7 6.86 91.64 98.50 OK
r-release-linux-x86_64 0.1.7 7.22 89.41 96.63 OK
r-release-macos-arm64 0.1.7 41.00 OK
r-release-macos-x86_64 0.1.7 98.00 OK
r-release-windows-x86_64 0.1.7 13.00 115.00 128.00 OK
r-oldrel-macos-arm64 0.1.7 38.00 OK
r-oldrel-windows-x86_64 0.1.7 12.00 109.00 121.00 OK

Check Details

Version: 0.1.7
Check: dependencies in R code
Result: NOTE Namespace in Imports field not imported from: ‘forecastHybrid’ All declared Imports should be used. Flavors: r-devel-linux-x86_64-fedora-clang, r-devel-linux-x86_64-fedora-gcc