CRAN Package Check Results for Package TULIP

Last updated on 2024-02-25 01:01:20 CET.

Flavor Version Tinstall Tcheck Ttotal Status Flags
r-devel-linux-x86_64-debian-clang 1.0.2 16.95 101.11 118.06 OK
r-devel-linux-x86_64-debian-gcc 1.0.2 12.47 73.04 85.51 OK
r-devel-linux-x86_64-fedora-clang 1.0.2 145.31 NOTE
r-devel-linux-x86_64-fedora-gcc 1.0.2 136.47 OK
r-devel-windows-x86_64 1.0.2 16.00 92.00 108.00 OK
r-patched-linux-x86_64 1.0.2 16.10 94.53 110.63 OK
r-release-linux-x86_64 1.0.2 16.58 94.47 111.05 OK
r-release-macos-arm64 1.0.2 43.00 OK
r-release-macos-x86_64 1.0.2 72.00 OK
r-release-windows-x86_64 1.0.2 22.00 108.00 130.00 OK
r-oldrel-macos-arm64 1.0.2 39.00 OK
r-oldrel-windows-x86_64 1.0.2 19.00 265.00 284.00 OK

Check Details

Version: 1.0.2
Check: installed package size
Result: NOTE installed size is 8.0Mb sub-directories of 1Mb or more: libs 7.5Mb Flavor: r-devel-linux-x86_64-fedora-clang