Last updated on 2024-05-06 00:53:05 CEST.
Flavor | Version | Tinstall | Tcheck | Ttotal | Status | Flags |
---|---|---|---|---|---|---|
r-devel-linux-x86_64-debian-clang | 1.0.2 | 18.60 | 103.68 | 122.28 | OK | |
r-devel-linux-x86_64-debian-gcc | 1.0.2 | 13.38 | 72.29 | 85.67 | OK | |
r-devel-linux-x86_64-fedora-clang | 1.0.2 | 146.12 | NOTE | |||
r-devel-linux-x86_64-fedora-gcc | 1.0.2 | 134.37 | OK | |||
r-devel-windows-x86_64 | 1.0.2 | 18.00 | 89.00 | 107.00 | OK | |
r-patched-linux-x86_64 | 1.0.2 | 14.97 | 93.20 | 108.17 | OK | |
r-release-linux-x86_64 | 1.0.2 | 14.66 | 90.76 | 105.42 | OK | |
r-release-macos-arm64 | 1.0.2 | 42.00 | OK | |||
r-release-windows-x86_64 | 1.0.2 | 16.00 | 90.00 | 106.00 | OK | |
r-oldrel-macos-arm64 | 1.0.2 | 43.00 | OK | |||
r-oldrel-macos-x86_64 | 1.0.2 | 72.00 | OK | |||
r-oldrel-windows-x86_64 | 1.0.2 | 20.00 | 106.00 | 126.00 | OK |
Version: 1.0.2
Check: installed package size
Result: NOTE
installed size is 8.0Mb
sub-directories of 1Mb or more:
libs 7.4Mb
Flavor: r-devel-linux-x86_64-fedora-clang