Last updated on 2023-12-04 00:52:59 CET.
Flavor | Version | Tinstall | Tcheck | Ttotal | Status | Flags |
---|---|---|---|---|---|---|
r-devel-linux-x86_64-debian-clang | 2.12 | 14.08 | 96.38 | 110.46 | NOTE | |
r-devel-linux-x86_64-debian-gcc | 2.12 | 10.16 | 72.83 | 82.99 | NOTE | |
r-devel-linux-x86_64-fedora-clang | 2.12 | 142.45 | NOTE | |||
r-devel-linux-x86_64-fedora-gcc | 2.12 | 139.37 | NOTE | |||
r-devel-windows-x86_64 | 2.12 | 13.00 | 102.00 | 115.00 | NOTE | |
r-patched-linux-x86_64 | 2.12 | 16.93 | 95.01 | 111.94 | NOTE | |
r-release-linux-x86_64 | 2.12 | 14.45 | 93.19 | 107.64 | NOTE | |
r-release-macos-arm64 | 2.12 | 41.00 | NOTE | |||
r-release-macos-x86_64 | 2.12 | 66.00 | NOTE | |||
r-release-windows-x86_64 | 2.12 | 15.00 | 245.00 | 260.00 | NOTE | |
r-oldrel-macos-arm64 | 2.12 | 38.00 | NOTE | |||
r-oldrel-macos-x86_64 | 2.12 | 52.00 | NOTE | |||
r-oldrel-windows-x86_64 | 2.12 | 19.00 | 214.00 | 233.00 | OK |
Version: 2.12
Check: package dependencies
Result: NOTE
Packages suggested but not available for checking: 'maptools', 'R2wd'
Flavors: r-devel-linux-x86_64-debian-clang, r-devel-linux-x86_64-debian-gcc, r-devel-linux-x86_64-fedora-clang, r-devel-linux-x86_64-fedora-gcc, r-patched-linux-x86_64, r-release-linux-x86_64
Version: 2.12
Check: Rd files
Result: NOTE
checkRd: (-1) R2txt.Rd:164: Escaped LaTeX specials: \#
checkRd: (-1) bct.Rd:18: Escaped LaTeX specials: \^
checkRd: (-1) bct.Rd:19: Escaped LaTeX specials: \^
checkRd: (-1) ineq.Rd:10: Escaped LaTeX specials: \&
checkRd: (-1) put.points.demo.Rd:39: Escaped LaTeX specials: \^
checkRd: (-1) run.cor.examp.Rd:10: Escaped LaTeX specials: \^
checkRd: (-1) run.cor.examp.Rd:31: Escaped LaTeX specials: \^
Flavors: r-devel-linux-x86_64-debian-clang, r-devel-linux-x86_64-debian-gcc, r-devel-linux-x86_64-fedora-clang, r-devel-linux-x86_64-fedora-gcc, r-devel-windows-x86_64, r-patched-linux-x86_64, r-release-linux-x86_64, r-release-macos-arm64, r-release-macos-x86_64, r-release-windows-x86_64
Version: 2.12
Check: package dependencies
Result: NOTE
Package suggested but not available for checking: ‘R2wd’
Flavors: r-release-macos-arm64, r-release-macos-x86_64, r-oldrel-macos-arm64, r-oldrel-macos-x86_64