CRAN Package Check Results for Package Tendril

Last updated on 2024-02-23 16:53:32 CET.

Flavor Version Tinstall Tcheck Ttotal Status Flags
r-devel-linux-x86_64-debian-clang 2.0.4 NOTE
r-devel-linux-x86_64-debian-gcc 2.0.4 2.92 132.83 135.75 NOTE
r-devel-linux-x86_64-fedora-clang 2.0.4 229.97 NOTE
r-devel-linux-x86_64-fedora-gcc 2.0.4 243.92 NOTE
r-devel-windows-x86_64 2.0.4 5.00 153.00 158.00 OK
r-patched-linux-x86_64 2.0.4 2.82 172.51 175.33 OK
r-release-linux-x86_64 2.0.4 2.75 172.20 174.95 OK
r-release-macos-arm64 2.0.4 85.00 OK
r-release-macos-x86_64 2.0.4 149.00 OK
r-release-windows-x86_64 2.0.4 6.00 207.00 213.00 OK
r-oldrel-macos-arm64 2.0.4 65.00 NOTE
r-oldrel-windows-x86_64 2.0.4 7.00 265.00 272.00 OK

Check Details

Version: 2.0.4
Check: Rd files
Result: NOTE checkRd: (-1) Tendril.Rd:53: Lost braces in \itemize; \value handles \item{}{} directly checkRd: (-1) Tendril.Rd:54: Lost braces in \itemize; \value handles \item{}{} directly checkRd: (-1) Tendril.Rd:55: Lost braces in \itemize; \value handles \item{}{} directly checkRd: (-1) Tendril.Rd:56: Lost braces in \itemize; \value handles \item{}{} directly checkRd: (-1) Tendril.Rd:57: Lost braces in \itemize; \value handles \item{}{} directly checkRd: (-1) Tendril.Rd:58: Lost braces in \itemize; \value handles \item{}{} directly checkRd: (-1) Tendril.Rd:59: Lost braces in \itemize; \value handles \item{}{} directly checkRd: (-1) Tendril.Rd:60: Lost braces in \itemize; \value handles \item{}{} directly checkRd: (-1) Tendril.Rd:61: Lost braces in \itemize; \value handles \item{}{} directly checkRd: (-1) Tendril.Rd:62: Lost braces in \itemize; \value handles \item{}{} directly checkRd: (-1) Tendril.Rd:63: Lost braces in \itemize; \value handles \item{}{} directly checkRd: (-1) Tendril.Rd:64: Lost braces in \itemize; \value handles \item{}{} directly checkRd: (-1) Tendril.Rd:65: Lost braces in \itemize; \value handles \item{}{} directly checkRd: (-1) Tendril.Rd:66: Lost braces in \itemize; \value handles \item{}{} directly checkRd: (-1) Tendril.Rd:67: Lost braces in \itemize; \value handles \item{}{} directly Flavors: r-devel-linux-x86_64-debian-clang, r-devel-linux-x86_64-debian-gcc, r-devel-linux-x86_64-fedora-clang, r-devel-linux-x86_64-fedora-gcc

Version: 2.0.4
Check: dependencies in R code
Result: NOTE Namespace in Imports field not imported from: ‘graphics’ All declared Imports should be used. Flavors: r-devel-linux-x86_64-fedora-clang, r-devel-linux-x86_64-fedora-gcc, r-oldrel-macos-arm64