Last updated on 2024-03-28 23:55:22 CET.
Flavor | Version | Tinstall | Tcheck | Ttotal | Status | Flags |
---|---|---|---|---|---|---|
r-devel-linux-x86_64-debian-clang | 1.0-4 | 4.40 | 46.38 | 50.78 | NOTE | |
r-devel-linux-x86_64-debian-gcc | 1.0-4 | 3.76 | 36.50 | 40.26 | NOTE | |
r-devel-linux-x86_64-fedora-clang | 1.0-4 | 67.55 | NOTE | |||
r-devel-linux-x86_64-fedora-gcc | 1.0-4 | 75.17 | NOTE | |||
r-devel-windows-x86_64 | 1.0-4 | 5.00 | 62.00 | 67.00 | NOTE | |
r-patched-linux-x86_64 | 1.0-4 | 4.64 | 44.95 | 49.59 | NOTE | |
r-release-linux-x86_64 | 1.0-4 | 5.08 | 44.48 | 49.56 | OK | |
r-release-macos-arm64 | 1.0-4 | 27.00 | OK | |||
r-release-macos-x86_64 | 1.0-4 | 43.00 | OK | |||
r-release-windows-x86_64 | 1.0-4 | 6.00 | 65.00 | 71.00 | OK | |
r-oldrel-macos-arm64 | 1.0-4 | 24.00 | OK | |||
r-oldrel-windows-x86_64 | 1.0-4 | 6.00 | 67.00 | 73.00 | OK |
Version: 1.0-4
Check: Rd \usage sections
Result: NOTE
Documented arguments not in \usage in Rd file 'poisson_likelihood.Rd':
‘rate_exp’ ‘rate_ref’ ‘rate_pla’
Functions with \usage entries need to have the appropriate \alias
entries, and all their arguments documented.
The \usage entries must correspond to syntactically valid R code.
See chapter ‘Writing R documentation files’ in the ‘Writing R
Extensions’ manual.
Flavors: r-devel-linux-x86_64-debian-clang, r-devel-linux-x86_64-debian-gcc, r-devel-linux-x86_64-fedora-clang, r-devel-linux-x86_64-fedora-gcc, r-devel-windows-x86_64, r-patched-linux-x86_64