CRAN Package Check Results for Package TraceAssist

Last updated on 2024-02-28 16:50:50 CET.

Flavor Version Tinstall Tcheck Ttotal Status Flags
r-devel-linux-x86_64-debian-clang 0.1.0 7.35 83.92 91.27 OK
r-devel-linux-x86_64-debian-gcc 0.1.0 8.00 64.62 72.62 OK
r-devel-linux-x86_64-fedora-clang 0.1.0 112.35 NOTE
r-devel-linux-x86_64-fedora-gcc 0.1.0 109.85 NOTE
r-devel-windows-x86_64 0.1.0 9.00 85.00 94.00 OK
r-patched-linux-x86_64 0.1.0 7.09 82.86 89.95 OK
r-release-linux-x86_64 0.1.0 7.82 83.90 91.72 OK
r-release-macos-arm64 0.1.0 39.00 OK
r-release-macos-x86_64 0.1.0 59.00 OK
r-release-windows-x86_64 0.1.0 12.00 116.00 128.00 OK
r-oldrel-macos-arm64 0.1.0 33.00 NOTE
r-oldrel-windows-x86_64 0.1.0 12.00 98.00 110.00 OK

Check Details

Version: 0.1.0
Check: dependencies in R code
Result: NOTE Namespace in Imports field not imported from: ‘Matrix’ All declared Imports should be used. Flavors: r-devel-linux-x86_64-fedora-clang, r-devel-linux-x86_64-fedora-gcc, r-oldrel-macos-arm64