CRAN Package Check Results for Package TreeDist

Last updated on 2024-02-25 01:01:20 CET.

Flavor Version Tinstall Tcheck Ttotal Status Flags
r-devel-linux-x86_64-debian-clang 2.7.0 65.00 289.09 354.09 NOTE
r-devel-linux-x86_64-debian-gcc 2.7.0 44.96 216.12 261.08 NOTE
r-devel-linux-x86_64-fedora-clang 2.7.0 436.48 NOTE
r-devel-linux-x86_64-fedora-gcc 2.7.0 453.83 NOTE
r-devel-windows-x86_64 2.7.0 47.00 267.00 314.00 NOTE
r-patched-linux-x86_64 2.7.0 43.19 277.79 320.98 NOTE
r-release-linux-x86_64 2.7.0 40.12 275.82 315.94 NOTE
r-release-macos-arm64 2.7.0 145.00 NOTE
r-release-macos-x86_64 2.7.0 288.00 NOTE
r-release-windows-x86_64 2.7.0 59.00 331.00 390.00 NOTE
r-oldrel-macos-arm64 2.7.0 135.00 NOTE
r-oldrel-windows-x86_64 2.7.0 58.00 314.00 372.00 NOTE

Check Details

Version: 2.7.0
Check: package dependencies
Result: NOTE Package suggested but not available for checking: ‘TreeDistData’ Flavors: r-devel-linux-x86_64-debian-clang, r-devel-linux-x86_64-debian-gcc, r-devel-linux-x86_64-fedora-clang, r-devel-linux-x86_64-fedora-gcc, r-devel-windows-x86_64, r-patched-linux-x86_64, r-release-linux-x86_64, r-release-macos-arm64, r-release-macos-x86_64, r-release-windows-x86_64, r-oldrel-macos-arm64, r-oldrel-windows-x86_64

Version: 2.7.0
Check: installed package size
Result: NOTE installed size is 5.9Mb sub-directories of 1Mb or more: doc 5.0Mb Flavors: r-devel-linux-x86_64-fedora-clang, r-devel-windows-x86_64, r-release-macos-arm64, r-release-macos-x86_64, r-release-windows-x86_64, r-oldrel-macos-arm64, r-oldrel-windows-x86_64