CRAN Package Check Results for Package Twitmo

Last updated on 2024-02-28 00:56:36 CET.

Flavor Version Tinstall Tcheck Ttotal Status Flags
r-devel-linux-x86_64-debian-clang 0.1.2 4.33 37.36 41.69 NOTE
r-devel-linux-x86_64-debian-gcc 0.1.2 3.53 28.45 31.98 NOTE
r-devel-linux-x86_64-fedora-clang 0.1.2 49.80 NOTE
r-devel-linux-x86_64-fedora-gcc 0.1.2 52.18 NOTE
r-devel-windows-x86_64 0.1.2 5.00 52.00 57.00 OK
r-patched-linux-x86_64 0.1.2 3.55 36.42 39.97 OK
r-release-linux-x86_64 0.1.2 2.73 36.54 39.27 OK
r-release-macos-arm64 0.1.2 21.00 OK
r-release-macos-x86_64 0.1.2 28.00 OK
r-release-windows-x86_64 0.1.2 7.00 55.00 62.00 OK
r-oldrel-macos-arm64 0.1.2 20.00 OK
r-oldrel-windows-x86_64 0.1.2 7.00 57.00 64.00 OK

Check Details

Version: 0.1.2
Check: Rd files
Result: NOTE checkRd: (-1) fit_stm.Rd:25: Lost braces 25 | \item{xcov}{Either a \[stats]{formula} with an empty left-hand side specifying external covariates | ^ Flavors: r-devel-linux-x86_64-debian-clang, r-devel-linux-x86_64-debian-gcc, r-devel-linux-x86_64-fedora-clang, r-devel-linux-x86_64-fedora-gcc