CRAN Package Check Results for Package UPCM

Last updated on 2024-02-28 16:50:51 CET.

Flavor Version Tinstall Tcheck Ttotal Status Flags
r-devel-linux-x86_64-debian-clang 0.0-3 58.89 80.38 139.27 NOTE
r-devel-linux-x86_64-debian-gcc 0.0-3 46.85 60.37 107.22 NOTE
r-devel-linux-x86_64-fedora-clang 0.0-3 179.13 NOTE
r-devel-linux-x86_64-fedora-gcc 0.0-3 185.91 NOTE
r-devel-windows-x86_64 0.0-3 44.00 95.00 139.00 NOTE
r-patched-linux-x86_64 0.0-3 58.46 77.91 136.37 NOTE
r-release-linux-x86_64 0.0-3 55.11 78.43 133.54 NOTE
r-release-macos-arm64 0.0-3 59.00 NOTE
r-release-macos-x86_64 0.0-3 87.00 NOTE
r-release-windows-x86_64 0.0-3 54.00 115.00 169.00 NOTE
r-oldrel-macos-arm64 0.0-3 52.00 NOTE
r-oldrel-windows-x86_64 0.0-3 53.00 110.00 163.00 OK

Check Details

Version: 0.0-3
Check: C++ specification
Result: NOTE Specified C++11: please drop specification unless essential Flavors: r-devel-linux-x86_64-debian-clang, r-devel-linux-x86_64-debian-gcc, r-devel-linux-x86_64-fedora-clang, r-devel-linux-x86_64-fedora-gcc, r-devel-windows-x86_64, r-patched-linux-x86_64, r-release-linux-x86_64, r-release-macos-arm64, r-release-macos-x86_64, r-release-windows-x86_64

Version: 0.0-3
Check: installed package size
Result: NOTE installed size is 5.3Mb sub-directories of 1Mb or more: libs 5.1Mb Flavors: r-release-macos-arm64, r-oldrel-macos-arm64