CRAN Package Check Results for Package VBJM

Last updated on 2024-02-29 00:55:58 CET.

Flavor Version Tinstall Tcheck Ttotal Status Flags
r-devel-linux-x86_64-debian-clang 0.1.0 82.09 70.92 153.01 OK
r-devel-linux-x86_64-debian-gcc 0.1.0 71.97 52.78 124.75 OK
r-devel-linux-x86_64-fedora-clang 0.1.0 192.05 OK
r-devel-linux-x86_64-fedora-gcc 0.1.0 230.13 OK
r-devel-windows-x86_64 0.1.0 59.00 196.00 255.00 OK
r-patched-linux-x86_64 0.1.0 76.23 68.08 144.31 OK
r-release-linux-x86_64 0.1.0 77.47 66.62 144.09 OK
r-release-macos-arm64 0.1.0 61.00 NOTE
r-release-macos-x86_64 0.1.0 156.00 NOTE
r-release-windows-x86_64 0.1.0 76.00 105.00 181.00 OK
r-oldrel-macos-arm64 0.1.0 60.00 NOTE
r-oldrel-windows-x86_64 0.1.0 70.00 104.00 174.00 OK

Check Details

Version: 0.1.0
Check: installed package size
Result: NOTE installed size is 7.8Mb sub-directories of 1Mb or more: libs 7.5Mb Flavors: r-release-macos-arm64, r-release-macos-x86_64, r-oldrel-macos-arm64