CRAN Package Check Results for Package VDAP

Last updated on 2024-03-01 00:55:36 CET.

Flavor Version Tinstall Tcheck Ttotal Status Flags
r-devel-linux-x86_64-debian-clang 2.0.0 14.01 102.85 116.86 NOTE
r-devel-linux-x86_64-debian-gcc 2.0.0 9.85 77.73 87.58 NOTE
r-devel-linux-x86_64-fedora-clang 2.0.0 142.98 NOTE
r-devel-linux-x86_64-fedora-gcc 2.0.0 136.83 NOTE
r-devel-windows-x86_64 2.0.0 13.00 92.00 105.00 NOTE
r-patched-linux-x86_64 2.0.0 12.53 100.90 113.43 NOTE
r-release-linux-x86_64 2.0.0 10.76 100.99 111.75 NOTE
r-release-macos-arm64 2.0.0 47.00 NOTE
r-release-macos-x86_64 2.0.0 74.00 NOTE
r-release-windows-x86_64 2.0.0 16.00 115.00 131.00 NOTE
r-oldrel-macos-arm64 2.0.0 40.00 NOTE
r-oldrel-windows-x86_64 2.0.0 16.00 112.00 128.00 NOTE

Check Details

Version: 2.0.0
Check: LazyData
Result: NOTE 'LazyData' is specified without a 'data' directory Flavors: r-devel-linux-x86_64-debian-clang, r-devel-linux-x86_64-debian-gcc, r-devel-linux-x86_64-fedora-clang, r-devel-linux-x86_64-fedora-gcc, r-devel-windows-x86_64, r-patched-linux-x86_64, r-release-linux-x86_64, r-release-macos-arm64, r-release-macos-x86_64, r-release-windows-x86_64, r-oldrel-macos-arm64, r-oldrel-windows-x86_64