Last updated on 2024-03-28 00:00:01 CET.
Flavor | Version | Tinstall | Tcheck | Ttotal | Status | Flags |
---|---|---|---|---|---|---|
r-devel-linux-x86_64-debian-clang | 1.1-10 | 113.83 | 748.42 | 862.25 | OK | |
r-devel-linux-x86_64-debian-gcc | 1.1-10 | 98.52 | 513.85 | 612.37 | OK | |
r-devel-linux-x86_64-fedora-clang | 1.1-10 | 1022.87 | NOTE | |||
r-devel-linux-x86_64-fedora-gcc | 1.1-10 | 984.11 | OK | |||
r-devel-windows-x86_64 | 1.1-10 | 114.00 | 621.00 | 735.00 | NOTE | |
r-patched-linux-x86_64 | 1.1-10 | 143.17 | 694.15 | 837.32 | OK | |
r-release-linux-x86_64 | 1.1-10 | 124.37 | 710.61 | 834.98 | OK | |
r-release-macos-arm64 | 1.1-10 | 216.00 | NOTE | |||
r-release-macos-x86_64 | 1.1-10 | 601.00 | NOTE | |||
r-release-windows-x86_64 | 1.1-10 | 118.00 | 781.00 | 899.00 | NOTE | |
r-oldrel-macos-arm64 | 1.1-10 | 215.00 | NOTE | |||
r-oldrel-windows-x86_64 | 1.1-10 | 150.00 | 737.00 | 887.00 | NOTE |
Version: 1.1-10
Check: installed package size
Result: NOTE
installed size is 8.2Mb
sub-directories of 1Mb or more:
R 4.2Mb
help 3.2Mb
Flavors: r-devel-linux-x86_64-fedora-clang, r-devel-windows-x86_64, r-release-macos-arm64, r-release-macos-x86_64, r-release-windows-x86_64, r-oldrel-macos-arm64, r-oldrel-windows-x86_64