CRAN Package Check Results for Package VertexSimilarity

Last updated on 2024-02-25 16:52:02 CET.

Flavor Version Tinstall Tcheck Ttotal Status Flags
r-devel-linux-x86_64-debian-clang 0.1 1.45 20.21 21.66 NOTE
r-devel-linux-x86_64-debian-gcc 0.1 1.54 15.91 17.45 NOTE
r-devel-linux-x86_64-fedora-clang 0.1 27.95 NOTE
r-devel-linux-x86_64-fedora-gcc 0.1 26.81 NOTE
r-devel-windows-x86_64 0.1 3.00 109.00 112.00 NOTE
r-patched-linux-x86_64 0.1 2.07 20.12 22.19 NOTE
r-release-linux-x86_64 0.1 1.73 20.09 21.82 NOTE
r-release-macos-arm64 0.1 16.00 NOTE
r-release-macos-x86_64 0.1 17.00 NOTE
r-release-windows-x86_64 0.1 3.00 36.00 39.00 NOTE
r-oldrel-macos-arm64 0.1 16.00 NOTE
r-oldrel-windows-x86_64 0.1 3.00 40.00 43.00 NOTE

Check Details

Version: 0.1
Check: LazyData
Result: NOTE 'LazyData' is specified without a 'data' directory Flavors: r-devel-linux-x86_64-debian-clang, r-devel-linux-x86_64-debian-gcc, r-devel-linux-x86_64-fedora-clang, r-devel-linux-x86_64-fedora-gcc, r-devel-windows-x86_64, r-patched-linux-x86_64, r-release-linux-x86_64, r-release-macos-arm64, r-release-macos-x86_64, r-release-windows-x86_64, r-oldrel-macos-arm64, r-oldrel-windows-x86_64