CRAN Package Check Results for Package VicmapR

Last updated on 2024-02-28 16:50:51 CET.

Flavor Version Tinstall Tcheck Ttotal Status Flags
r-devel-linux-x86_64-debian-clang 0.2.3 9.43 90.81 100.24 NOTE
r-devel-linux-x86_64-debian-gcc 0.2.3 5.19 68.63 73.82 NOTE
r-devel-linux-x86_64-fedora-clang 0.2.3 123.06 NOTE
r-devel-linux-x86_64-fedora-gcc 0.2.3 136.60 NOTE
r-devel-windows-x86_64 0.2.3 8.00 201.00 209.00 OK
r-patched-linux-x86_64 0.2.3 5.66 87.69 93.35 OK
r-release-linux-x86_64 0.2.3 5.06 86.91 91.97 OK
r-release-macos-arm64 0.2.3 47.00 OK
r-release-macos-x86_64 0.2.3 81.00 OK
r-release-windows-x86_64 0.2.3 10.00 130.00 140.00 ERROR
r-oldrel-macos-arm64 0.2.3 44.00 OK
r-oldrel-windows-x86_64 0.2.3 11.00 140.00 151.00 OK

Check Details

Version: 0.2.3
Check: Rd files
Result: NOTE checkRd: (-1) show_query.Rd:27: Lost braces in \itemize; meant \describe ? checkRd: (-1) show_query.Rd:28: Lost braces in \itemize; meant \describe ? checkRd: (-1) show_query.Rd:29: Lost braces in \itemize; meant \describe ? Flavors: r-devel-linux-x86_64-debian-clang, r-devel-linux-x86_64-debian-gcc, r-devel-linux-x86_64-fedora-clang, r-devel-linux-x86_64-fedora-gcc

Version: 0.2.3
Check: dependencies in R code
Result: NOTE Namespaces in Imports field not imported from: ‘kableExtra’ ‘knitr’ ‘leaflet’ ‘mapview’ All declared Imports should be used. Flavors: r-devel-linux-x86_64-fedora-clang, r-devel-linux-x86_64-fedora-gcc

Version: 0.2.3
Check: examples
Result: ERROR Running examples in 'VicmapR-Ex.R' failed The error most likely occurred in: > ### Name: vicmap_query > ### Title: Establish Vicmap Query > ### Aliases: vicmap_query > > ### ** Examples > > > > > ### * <FOOTER> > ### > cleanEx() > options(digits = 7L) > base::cat("Time elapsed: ", proc.time() - base::get("ptime", pos = 'CheckExEnv'),"\n") Time elapsed: 3.31 0.17 3.56 NA NA > grDevices::dev.off() null device 1 > ### > ### Local variables: *** > ### mode: outline-minor *** > ### outline-regexp: "\\(> \\)?### [*]+" *** > ### End: *** > quit('no') Flavor: r-release-windows-x86_64