Last updated on 2024-03-28 00:00:01 CET.
Flavor | Version | Tinstall | Tcheck | Ttotal | Status | Flags |
---|---|---|---|---|---|---|
r-devel-linux-x86_64-debian-clang | 2.5.0 | 32.29 | 162.67 | 194.96 | NOTE | |
r-devel-linux-x86_64-debian-gcc | 2.5.0 | 29.01 | 111.02 | 140.03 | NOTE | |
r-devel-linux-x86_64-fedora-clang | 2.5.0 | 263.22 | NOTE | |||
r-devel-linux-x86_64-fedora-gcc | 2.5.0 | 232.41 | NOTE | |||
r-devel-windows-x86_64 | 2.5.0 | 39.00 | 148.00 | 187.00 | NOTE | |
r-patched-linux-x86_64 | 2.5.0 | 38.97 | 160.15 | 199.12 | OK | |
r-release-linux-x86_64 | 2.5.0 | 34.12 | 153.38 | 187.50 | OK | |
r-release-macos-arm64 | 2.5.0 | 67.00 | OK | |||
r-release-macos-x86_64 | 2.5.0 | 175.00 | OK | |||
r-release-windows-x86_64 | 2.5.0 | 44.00 | 171.00 | 215.00 | OK | |
r-oldrel-macos-arm64 | 2.5.0 | 73.00 | OK | |||
r-oldrel-windows-x86_64 | 2.5.0 | 46.00 | 213.00 | 259.00 | OK |
Version: 2.5.0
Check: Rd files
Result: NOTE
checkRd: (-1) RVineMatrix.Rd:90: Lost braces in \itemize; \value handles \item{}{} directly
checkRd: (-1) RVineMatrix.Rd:91: Lost braces in \itemize; \value handles \item{}{} directly
checkRd: (-1) RVineMatrix.Rd:92: Lost braces in \itemize; \value handles \item{}{} directly
Flavors: r-devel-linux-x86_64-debian-clang, r-devel-linux-x86_64-debian-gcc, r-devel-linux-x86_64-fedora-clang, r-devel-linux-x86_64-fedora-gcc, r-devel-windows-x86_64
Version: 2.5.0
Check: HTML version of manual
Result: NOTE
Found the following HTML validation problems:
RVineClarkeTest.html:56:32 (RVineClarkeTest.Rd:31): Warning: trimming empty <code>
RVineClarkeTest.html:68:32 (RVineClarkeTest.Rd:41): Warning: trimming empty <code>
Flavors: r-devel-linux-x86_64-debian-clang, r-devel-linux-x86_64-debian-gcc, r-devel-linux-x86_64-fedora-clang, r-devel-linux-x86_64-fedora-gcc, r-devel-windows-x86_64
Version: 2.5.0
Check: Rd cross-references
Result: NOTE
Undeclared packages ‘foreach’, ‘copula’ in Rd xrefs
Flavor: r-devel-linux-x86_64-fedora-clang