CRAN Package Check Results for Package VisCollin

Last updated on 2024-02-26 08:49:01 CET.

Flavor Version Tinstall Tcheck Ttotal Status Flags
r-devel-linux-x86_64-debian-clang 0.1.2 2.77 28.64 31.41 OK
r-devel-linux-x86_64-debian-gcc 0.1.2 1.96 21.64 23.60 OK
r-devel-linux-x86_64-fedora-clang 0.1.2 38.11 NOTE
r-devel-linux-x86_64-fedora-gcc 0.1.2 36.09 OK
r-devel-windows-x86_64 0.1.2 3.00 44.00 47.00 OK
r-patched-linux-x86_64 0.1.2 2.39 28.10 30.49 OK
r-release-linux-x86_64 0.1.2 2.30 27.73 30.03 OK
r-release-macos-arm64 0.1.2 19.00 OK
r-release-macos-x86_64 0.1.2 27.00 OK
r-release-windows-x86_64 0.1.2 3.00 47.00 50.00 OK
r-oldrel-macos-arm64 0.1.2 22.00 OK
r-oldrel-windows-x86_64 0.1.2 4.00 56.00 60.00 OK

Check Details

Version: 0.1.2
Check: Rd cross-references
Result: NOTE Undeclared package ‘rms’ in Rd xrefs Flavor: r-devel-linux-x86_64-fedora-clang