Last updated on 2024-05-07 00:56:32 CEST.
Flavor | Version | Tinstall | Tcheck | Ttotal | Status | Flags |
---|---|---|---|---|---|---|
r-devel-linux-x86_64-debian-clang | 0.1-7 | 2.84 | 30.43 | 33.27 | OK | |
r-devel-linux-x86_64-debian-gcc | 0.1-7 | 2.61 | 22.78 | 25.39 | OK | |
r-devel-linux-x86_64-fedora-clang | 0.1-7 | 40.77 | NOTE | |||
r-devel-linux-x86_64-fedora-gcc | 0.1-7 | 56.16 | OK | |||
r-devel-windows-x86_64 | 0.1-7 | 3.00 | 45.00 | 48.00 | OK | |
r-patched-linux-x86_64 | 0.1-7 | 3.59 | 28.84 | 32.43 | OK | |
r-release-linux-x86_64 | 0.1-7 | 2.15 | 28.70 | 30.85 | OK | |
r-release-macos-arm64 | 0.1-7 | 18.00 | OK | |||
r-release-windows-x86_64 | 0.1-7 | 4.00 | 45.00 | 49.00 | OK | |
r-oldrel-macos-arm64 | 0.1-7 | 22.00 | OK | |||
r-oldrel-macos-x86_64 | 0.1-7 | 25.00 | OK | |||
r-oldrel-windows-x86_64 | 0.1-7 | 4.00 | 47.00 | 51.00 | OK |
Version: 0.1-7
Check: Rd cross-references
Result: NOTE
Undeclared package ‘RCurl’ in Rd xrefs
Flavor: r-devel-linux-x86_64-fedora-clang