CRAN Package Check Results for Package W3CMarkupValidator

Last updated on 2024-02-24 16:48:38 CET.

Flavor Version Tinstall Tcheck Ttotal Status Flags
r-devel-linux-x86_64-debian-clang 0.1-7 2.76 29.06 31.82 OK
r-devel-linux-x86_64-debian-gcc 0.1-7 2.33 22.78 25.11 OK
r-devel-linux-x86_64-fedora-clang 0.1-7 39.97 NOTE
r-devel-linux-x86_64-fedora-gcc 0.1-7 38.65 OK
r-devel-windows-x86_64 0.1-7 4.00 45.00 49.00 OK
r-patched-linux-x86_64 0.1-7 3.42 28.99 32.41 OK
r-release-linux-x86_64 0.1-7 3.06 29.28 32.34 OK
r-release-macos-arm64 0.1-7 22.00 OK
r-release-macos-x86_64 0.1-7 25.00 OK
r-release-windows-x86_64 0.1-7 4.00 48.00 52.00 OK
r-oldrel-macos-arm64 0.1-7 19.00 OK
r-oldrel-windows-x86_64 0.1-7 4.00 51.00 55.00 OK

Check Details

Version: 0.1-7
Check: Rd cross-references
Result: NOTE Undeclared package ‘RCurl’ in Rd xrefs Flavor: r-devel-linux-x86_64-fedora-clang