CRAN Package Check Results for Package WASP

Last updated on 2024-02-27 00:59:33 CET.

Flavor Version Tinstall Tcheck Ttotal Status Flags
r-devel-linux-x86_64-debian-clang 1.4.3 8.93 141.08 150.01 OK
r-devel-linux-x86_64-debian-gcc 1.4.3 6.83 107.85 114.68 OK
r-devel-linux-x86_64-fedora-clang 1.4.3 182.42 NOTE
r-devel-linux-x86_64-fedora-gcc 1.4.3 199.51 NOTE
r-devel-windows-x86_64 1.4.3 9.00 129.00 138.00 OK
r-patched-linux-x86_64 1.4.3 7.17 138.75 145.92 OK
r-release-linux-x86_64 1.4.3 5.70 138.93 144.63 OK
r-release-macos-arm64 1.4.3 62.00 OK
r-release-macos-x86_64 1.4.3 93.00 NOTE
r-release-windows-x86_64 1.4.3 12.00 159.00 171.00 OK
r-oldrel-macos-arm64 1.4.3 50.00 NOTE
r-oldrel-windows-x86_64 1.4.3 12.00 164.00 176.00 OK

Check Details

Version: 1.4.3
Check: dependencies in R code
Result: NOTE Namespace in Imports field not imported from: ‘rlang’ All declared Imports should be used. Flavors: r-devel-linux-x86_64-fedora-clang, r-devel-linux-x86_64-fedora-gcc, r-oldrel-macos-arm64

Version: 1.4.3
Check: package dependencies
Result: NOTE Package suggested but not available for checking: ‘NPRED’ Flavor: r-release-macos-x86_64