CRAN Package Check Results for Package WDI

Last updated on 2024-02-27 00:59:33 CET.

Flavor Version Tinstall Tcheck Ttotal Status Flags
r-devel-linux-x86_64-debian-clang 2.7.8 2.42 25.43 27.85 OK
r-devel-linux-x86_64-debian-gcc 2.7.8 2.33 20.00 22.33 OK
r-devel-linux-x86_64-fedora-clang 2.7.8 35.02 NOTE
r-devel-linux-x86_64-fedora-gcc 2.7.8 33.79 NOTE
r-devel-windows-x86_64 2.7.8 3.00 42.00 45.00 OK
r-patched-linux-x86_64 2.7.8 3.12 25.19 28.31 OK
r-release-linux-x86_64 2.7.8 2.75 24.63 27.38 OK
r-release-macos-arm64 2.7.8 15.00 OK
r-release-macos-x86_64 2.7.8 21.00 OK
r-release-windows-x86_64 2.7.8 3.00 43.00 46.00 OK
r-oldrel-macos-arm64 2.7.8 18.00 OK
r-oldrel-windows-x86_64 2.7.8 5.00 46.00 51.00 OK

Check Details

Version: 2.7.8
Check: data for non-ASCII characters
Result: NOTE Note: found 1668 marked UTF-8 strings Flavors: r-devel-linux-x86_64-fedora-clang, r-devel-linux-x86_64-fedora-gcc