CRAN Package Check Results for Package WRSS

Last updated on 2024-02-25 16:52:03 CET.

Flavor Version Tinstall Tcheck Ttotal Status Flags
r-devel-linux-x86_64-debian-clang 3.1 17.82 122.85 140.67 NOTE
r-devel-linux-x86_64-debian-gcc 3.1 12.90 89.78 102.68 NOTE
r-devel-linux-x86_64-fedora-clang 3.1 180.43 NOTE
r-devel-linux-x86_64-fedora-gcc 3.1 169.04 NOTE
r-devel-windows-x86_64 3.1 16.00 108.00 124.00 OK
r-patched-linux-x86_64 3.1 15.13 115.61 130.74 OK
r-release-linux-x86_64 3.1 14.35 114.89 129.24 OK
r-release-macos-arm64 3.1 46.00 OK
r-release-macos-x86_64 3.1 77.00 OK
r-release-windows-x86_64 3.1 22.00 130.00 152.00 OK
r-oldrel-macos-arm64 3.1 59.00 OK
r-oldrel-windows-x86_64 3.1 21.00 137.00 158.00 OK

Check Details

Version: 3.1
Check: Rd files
Result: NOTE checkRd: (-1) createDemandSite.Rd:26: Lost braces 26 | \item{suppliers}{(optional) A list of object(s) inherited from the folowing classes: \code{\link[WRSS]{createAquifer}}, \code{\link[WRSS]{createRiver}}, \code{\link[WRSS]{createReservoir}}, code{\link[WRSS]{createDiversion}}.} | ^ checkRd: (-1) createDemandSite.base.Rd:26: Lost braces 26 | \item{suppliers}{(optional) A list of object(s) inherited from the folowing classes: \code{\link[WRSS]{createAquifer}}, \code{\link[WRSS]{createRiver}}, \code{\link[WRSS]{createReservoir}}, code{\link[WRSS]{createDiversion}}.} | ^ checkRd: (-1) createDemandSite.default.Rd:32: Lost braces 32 | \item{suppliers}{(optional) A list of object(s) inherited from the folowing classes: \code{\link[WRSS]{createAquifer}}, \code{\link[WRSS]{createRiver}}, \code{\link[WRSS]{createReservoir}}, code{\link[WRSS]{createDiversion}}.} | ^ Flavors: r-devel-linux-x86_64-debian-clang, r-devel-linux-x86_64-debian-gcc, r-devel-linux-x86_64-fedora-clang, r-devel-linux-x86_64-fedora-gcc