Last updated on 2024-05-21 00:57:30 CEST.
Flavor | Version | Tinstall | Tcheck | Ttotal | Status | Flags |
---|---|---|---|---|---|---|
r-devel-linux-x86_64-debian-clang | 0.1.1 | 12.63 | 119.01 | 131.64 | NOTE | |
r-devel-linux-x86_64-debian-gcc | 0.1.1 | 11.80 | 90.80 | 102.60 | NOTE | |
r-devel-linux-x86_64-fedora-clang | 0.1.1 | 164.61 | NOTE | |||
r-devel-linux-x86_64-fedora-gcc | 0.1.1 | 155.01 | NOTE | |||
r-devel-windows-x86_64 | 0.1.1 | 12.00 | 95.00 | 107.00 | NOTE | |
r-patched-linux-x86_64 | 0.1.1 | 9.28 | 116.78 | 126.06 | NOTE | |
r-release-linux-x86_64 | 0.1.1 | 8.63 | 113.64 | 122.27 | NOTE | |
r-release-macos-arm64 | 0.1.1 | 49.00 | NOTE | |||
r-release-windows-x86_64 | 0.1.1 | 12.00 | 99.00 | 111.00 | NOTE | |
r-oldrel-macos-arm64 | 0.1.1 | 51.00 | NOTE | |||
r-oldrel-macos-x86_64 | 0.1.1 | 84.00 | NOTE | |||
r-oldrel-windows-x86_64 | 0.1.1 | 16.00 | 120.00 | 136.00 | NOTE |
Version: 0.1.1
Check: LazyData
Result: NOTE
'LazyData' is specified without a 'data' directory
Flavors: r-devel-linux-x86_64-debian-clang, r-devel-linux-x86_64-debian-gcc, r-devel-linux-x86_64-fedora-clang, r-devel-linux-x86_64-fedora-gcc, r-devel-windows-x86_64, r-patched-linux-x86_64, r-release-linux-x86_64, r-release-macos-arm64, r-release-windows-x86_64, r-oldrel-macos-arm64, r-oldrel-macos-x86_64, r-oldrel-windows-x86_64