CRAN Package Check Results for Package WhatIf

Last updated on 2024-02-28 00:56:37 CET.

Flavor Version Tinstall Tcheck Ttotal Status Flags
r-devel-linux-x86_64-debian-clang 1.5-10 2.83 29.33 32.16 NOTE
r-devel-linux-x86_64-debian-gcc 1.5-10 2.13 22.91 25.04 NOTE
r-devel-linux-x86_64-fedora-clang 1.5-10 40.27 NOTE
r-devel-linux-x86_64-fedora-gcc 1.5-10 49.73 NOTE
r-devel-windows-x86_64 1.5-10 4.00 46.00 50.00 NOTE
r-patched-linux-x86_64 1.5-10 2.93 29.85 32.78 NOTE
r-release-linux-x86_64 1.5-10 2.73 29.41 32.14 NOTE
r-release-macos-arm64 1.5-10 22.00 NOTE
r-release-macos-x86_64 1.5-10 35.00 NOTE
r-release-windows-x86_64 1.5-10 3.00 47.00 50.00 NOTE
r-oldrel-macos-arm64 1.5-10 25.00 OK
r-oldrel-windows-x86_64 1.5-10 4.00 50.00 54.00 OK

Check Details

Version: 1.5-10
Check: package subdirectories
Result: NOTE Problems with news in ‘NEWS.md’: Cannot extract version info from the following section titles: Major changes Minor changes Flavors: r-devel-linux-x86_64-debian-clang, r-devel-linux-x86_64-debian-gcc, r-devel-linux-x86_64-fedora-clang, r-devel-linux-x86_64-fedora-gcc, r-devel-windows-x86_64, r-patched-linux-x86_64, r-release-linux-x86_64, r-release-macos-arm64, r-release-macos-x86_64, r-release-windows-x86_64