CRAN Package Check Results for Package XLConnect

Last updated on 2024-02-23 16:53:34 CET.

Flavor Version Tinstall Tcheck Ttotal Status Flags
r-devel-linux-x86_64-debian-clang 1.0.8 OK
r-devel-linux-x86_64-debian-gcc 1.0.8 9.41 139.48 148.89 OK
r-devel-linux-x86_64-fedora-clang 1.0.8 243.77 NOTE
r-devel-linux-x86_64-fedora-gcc 1.0.8 249.04 OK
r-devel-windows-x86_64 1.0.8 20.00 241.00 261.00 NOTE
r-patched-linux-x86_64 1.0.8 17.08 181.17 198.25 OK
r-release-linux-x86_64 1.0.8 12.80 179.05 191.85 OK
r-release-macos-arm64 1.0.8 111.00 NOTE
r-release-macos-x86_64 1.0.8 212.00 NOTE
r-release-windows-x86_64 1.0.8 21.00 262.00 283.00 NOTE
r-oldrel-macos-arm64 1.0.8 102.00 NOTE
r-oldrel-windows-x86_64 1.0.8 28.00 253.00 281.00 NOTE

Check Details

Version: 1.0.8
Check: installed package size
Result: NOTE installed size is 28.0Mb sub-directories of 1Mb or more: java 25.4Mb Flavors: r-devel-linux-x86_64-fedora-clang, r-devel-windows-x86_64, r-release-macos-arm64, r-release-macos-x86_64, r-release-windows-x86_64, r-oldrel-macos-arm64, r-oldrel-windows-x86_64