Last updated on 2023-12-03 16:52:03 CET.
Flavor | Version | Tinstall | Tcheck | Ttotal | Status | Flags |
---|---|---|---|---|---|---|
r-devel-linux-x86_64-debian-clang | 3.99-0.16 | 30.71 | 94.68 | 125.39 | OK | |
r-devel-linux-x86_64-debian-gcc | 3.99-0.16 | 18.49 | 69.67 | 88.16 | OK | |
r-devel-linux-x86_64-fedora-clang | 3.99-0.16 | 168.45 | OK | |||
r-devel-linux-x86_64-fedora-gcc | 3.99-0.16 | 164.32 | OK | |||
r-devel-windows-x86_64 | 3.99-0.16 | 39.00 | 116.00 | 155.00 | NOTE | |
r-patched-linux-x86_64 | 3.99-0.15 | 29.88 | 92.75 | 122.63 | OK | |
r-release-linux-x86_64 | 3.99-0.15 | 26.61 | 92.46 | 119.07 | OK | |
r-release-macos-arm64 | 3.99-0.16 | 65.00 | OK | |||
r-release-macos-x86_64 | 3.99-0.16 | 181.00 | OK | |||
r-release-windows-x86_64 | 3.99-0.16 | 51.00 | 140.00 | 191.00 | NOTE | |
r-oldrel-macos-arm64 | 3.99-0.16 | 65.00 | OK | |||
r-oldrel-macos-x86_64 | 3.99-0.14 | 82.00 | OK | |||
r-oldrel-windows-x86_64 | 3.99-0.16 | 39.00 | 132.00 | 171.00 | NOTE |
Version: 3.99-0.16
Check: installed package size
Result: NOTE
installed size is 5.2Mb
sub-directories of 1Mb or more:
exampleData 1.3Mb
libs 2.2Mb
Flavors: r-devel-windows-x86_64, r-release-windows-x86_64, r-oldrel-windows-x86_64