CRAN Package Check Results for Package XML

Last updated on 2024-05-20 16:58:48 CEST.

Flavor Version Tinstall Tcheck Ttotal Status Flags
r-devel-linux-x86_64-debian-clang 3.99-0.16.1 29.82 99.46 129.28 OK
r-devel-linux-x86_64-debian-gcc 3.99-0.16.1 19.20 69.84 89.04 OK
r-devel-linux-x86_64-fedora-clang 3.99-0.16.1 159.04 OK
r-devel-linux-x86_64-fedora-gcc 3.99-0.16.1 151.50 OK
r-devel-windows-x86_64 3.99-0.16.1 37.00 115.00 152.00 WARN
r-patched-linux-x86_64 3.99-0.16.1 31.96 93.25 125.21 OK
r-release-linux-x86_64 3.99-0.16.1 26.02 91.69 117.71 OK
r-release-macos-arm64 3.99-0.16.1 47.00 OK
r-release-macos-x86_64 3.99-0.16.1 158.00 OK
r-release-windows-x86_64 3.99-0.16.1 39.00 118.00 157.00 WARN
r-oldrel-macos-arm64 3.99-0.16.1 67.00 OK
r-oldrel-macos-x86_64 3.99-0.16.1 169.00 OK
r-oldrel-windows-x86_64 3.99-0.16.1 52.00 146.00 198.00 NOTE

Check Details

Version: 3.99-0.16.1
Check: whether package can be installed
Result: WARN Found the following significant warnings: DocParse.c:1334:5: warning: 'xmlKeepBlanksDefault' is deprecated [-Wdeprecated-declarations] RSDTD.c:134:7: warning: 'xmlSkipBlankChars' is deprecated [-Wdeprecated-declarations] RSDTD.c:135:7: warning: 'xmlParseMarkupDecl' is deprecated [-Wdeprecated-declarations] RUtils.c:142:5: warning: 'xmlSubstituteEntitiesDefault' is deprecated [-Wdeprecated-declarations] See 'd:/Rcompile/CRANpkg/local/4.5/XML.Rcheck/00install.out' for details. * used C compiler: 'gcc.exe (GCC) 13.2.0' Flavor: r-devel-windows-x86_64

Version: 3.99-0.16.1
Check: installed package size
Result: NOTE installed size is 5.2Mb sub-directories of 1Mb or more: exampleData 1.3Mb libs 2.1Mb Flavors: r-devel-windows-x86_64, r-release-windows-x86_64, r-oldrel-windows-x86_64

Version: 3.99-0.16.1
Check: whether package can be installed
Result: WARN Found the following significant warnings: DocParse.c:1334:5: warning: 'xmlKeepBlanksDefault' is deprecated [-Wdeprecated-declarations] RSDTD.c:134:7: warning: 'xmlSkipBlankChars' is deprecated [-Wdeprecated-declarations] RSDTD.c:135:7: warning: 'xmlParseMarkupDecl' is deprecated [-Wdeprecated-declarations] RUtils.c:142:5: warning: 'xmlSubstituteEntitiesDefault' is deprecated [-Wdeprecated-declarations] See 'd:/Rcompile/CRANpkg/local/4.4/XML.Rcheck/00install.out' for details. * used C compiler: 'gcc.exe (GCC) 13.2.0' Flavor: r-release-windows-x86_64