Last updated on 2024-08-31 17:49:11 CEST.
Flavor | Version | Tinstall | Tcheck | Ttotal | Status | Flags |
---|---|---|---|---|---|---|
r-devel-linux-x86_64-debian-clang | 2.1.2 | 96.75 | 84.88 | 181.63 | OK | |
r-devel-linux-x86_64-debian-gcc | 2.1.2 | 63.64 | 58.66 | 122.30 | OK | |
r-devel-linux-x86_64-fedora-clang | 2.1.2 | 295.75 | OK | |||
r-devel-linux-x86_64-fedora-gcc | 2.1.2 | 317.20 | OK | |||
r-devel-windows-x86_64 | 2.1.2 | 91.00 | 115.00 | 206.00 | OK | |
r-patched-linux-x86_64 | 2.1.2 | 92.83 | 79.89 | 172.72 | OK | |
r-release-linux-x86_64 | 2.1.2 | 91.76 | 78.46 | 170.22 | OK | |
r-release-macos-arm64 | 2.1.2 | 72.00 | NOTE | |||
r-release-macos-x86_64 | 2.1.2 | 100.00 | NOTE | |||
r-release-windows-x86_64 | 2.1.2 | 96.00 | 126.00 | 222.00 | OK | |
r-oldrel-macos-arm64 | 2.1.2 | 89.00 | NOTE | |||
r-oldrel-macos-x86_64 | 2.1.2 | 143.00 | NOTE | |||
r-oldrel-windows-x86_64 | 2.1.2 | 105.00 | 141.00 | 246.00 | OK |
Version: 2.1.2
Check: installed package size
Result: NOTE
installed size is 10.2Mb
sub-directories of 1Mb or more:
libs 9.9Mb
Flavors: r-release-macos-arm64, r-release-macos-x86_64, r-oldrel-macos-arm64, r-oldrel-macos-x86_64
Version: 2.1.2
Check: package dependencies
Result: NOTE
Package suggested but not available for checking: ‘partitions’
Flavor: r-oldrel-macos-x86_64