CRAN Package Check Results for Package ace2fastq

Last updated on 2024-02-26 00:50:38 CET.

Flavor Version Tinstall Tcheck Ttotal Status Flags
r-devel-linux-x86_64-debian-clang 0.6.0 3.56 34.59 38.15 NOTE
r-devel-linux-x86_64-debian-gcc 0.6.0 2.57 26.99 29.56 NOTE
r-devel-linux-x86_64-fedora-clang 0.6.0 47.57 NOTE
r-devel-linux-x86_64-fedora-gcc 0.6.0 57.35 NOTE
r-devel-windows-x86_64 0.6.0 4.00 47.00 51.00 NOTE
r-patched-linux-x86_64 0.6.0 2.63 33.66 36.29 NOTE
r-release-linux-x86_64 0.6.0 3.51 33.78 37.29 NOTE
r-release-macos-arm64 0.6.0 26.00 NOTE
r-release-macos-x86_64 0.6.0 36.00 NOTE
r-release-windows-x86_64 0.6.0 5.00 50.00 55.00 NOTE
r-oldrel-macos-arm64 0.6.0 20.00 NOTE
r-oldrel-windows-x86_64 0.6.0 4.00 53.00 57.00 NOTE

Check Details

Version: 0.6.0
Check: LazyData
Result: NOTE 'LazyData' is specified without a 'data' directory Flavors: r-devel-linux-x86_64-debian-clang, r-devel-linux-x86_64-debian-gcc, r-devel-linux-x86_64-fedora-clang, r-devel-linux-x86_64-fedora-gcc, r-devel-windows-x86_64, r-patched-linux-x86_64, r-release-linux-x86_64, r-release-macos-arm64, r-release-macos-x86_64, r-release-windows-x86_64, r-oldrel-macos-arm64, r-oldrel-windows-x86_64