CRAN Package Check Results for Package acroname

Last updated on 2024-06-18 00:57:21 CEST.

Flavor Version Tinstall Tcheck Ttotal Status Flags
r-devel-linux-x86_64-debian-clang 0.1.0 2.41 26.77 29.18 NOTE
r-devel-linux-x86_64-debian-gcc 0.1.0 1.87 20.89 22.76 NOTE
r-devel-linux-x86_64-fedora-clang 0.1.0 37.04 NOTE
r-devel-linux-x86_64-fedora-gcc 0.1.0 34.54 NOTE
r-devel-windows-x86_64 0.1.0 4.00 48.00 52.00 NOTE
r-patched-linux-x86_64 0.1.0 1.96 25.80 27.76 NOTE
r-release-linux-x86_64 0.1.0 1.61 26.12 27.73 NOTE
r-release-macos-arm64 0.1.0 17.00 NOTE
r-release-macos-x86_64 0.1.0 24.00 NOTE
r-release-windows-x86_64 0.1.0 4.00 47.00 51.00 NOTE
r-oldrel-macos-arm64 0.1.0 19.00 NOTE
r-oldrel-macos-x86_64 0.1.0 22.00 NOTE
r-oldrel-windows-x86_64 0.1.0 5.00 48.00 53.00 NOTE

Check Details

Version: 0.1.0
Check: LazyData
Result: NOTE 'LazyData' is specified without a 'data' directory Flavors: r-devel-linux-x86_64-debian-clang, r-devel-linux-x86_64-debian-gcc, r-devel-linux-x86_64-fedora-clang, r-devel-linux-x86_64-fedora-gcc, r-devel-windows-x86_64, r-patched-linux-x86_64, r-release-linux-x86_64, r-release-macos-arm64, r-release-macos-x86_64, r-release-windows-x86_64, r-oldrel-macos-arm64, r-oldrel-macos-x86_64, r-oldrel-windows-x86_64

Version: 0.1.0
Check: dependencies in R code
Result: NOTE Namespace in Imports field not imported from: ‘hunspell’ All declared Imports should be used. Flavors: r-devel-linux-x86_64-fedora-clang, r-devel-linux-x86_64-fedora-gcc

Version: 0.1.0
Check: package dependencies
Result: NOTE Package suggested but not available for checking: ‘testthat’ Flavor: r-release-macos-x86_64