Last updated on 2023-09-28 16:54:12 CEST.
Flavor | Version | Tinstall | Tcheck | Ttotal | Status | Flags |
---|---|---|---|---|---|---|
r-devel-linux-x86_64-debian-clang | 2.1.4 | 9.82 | 62.72 | 72.54 | OK | |
r-devel-linux-x86_64-debian-gcc | 2.1.4 | 7.79 | 48.17 | 55.96 | OK | |
r-devel-linux-x86_64-fedora-clang | 2.1.4 | 92.39 | NOTE | |||
r-devel-linux-x86_64-fedora-gcc | 2.1.4 | 96.01 | NOTE | |||
r-devel-windows-x86_64 | 2.1.4 | 11.00 | 68.00 | 79.00 | OK | |
r-patched-linux-x86_64 | 2.1.4 | 11.79 | 60.33 | 72.12 | OK | |
r-release-linux-x86_64 | 2.1.4 | 11.05 | 61.08 | 72.13 | OK | |
r-release-macos-arm64 | 2.1.4 | 33.00 | OK | |||
r-release-macos-x86_64 | 2.1.4 | 50.00 | OK | |||
r-release-windows-x86_64 | 2.1.4 | 15.00 | 82.00 | 97.00 | OK | |
r-oldrel-macos-arm64 | 2.1.4 | 28.00 | OK | |||
r-oldrel-macos-x86_64 | 2.1.4 | 37.00 | OK | |||
r-oldrel-windows-x86_64 | 2.1.4 | 15.00 | 86.00 | 101.00 | OK |
Version: 2.1.4
Check: top-level files
Result: NOTE
‘configure’: /bin/bash is not portable
Flavors: r-devel-linux-x86_64-fedora-clang, r-devel-linux-x86_64-fedora-gcc