CRAN Package Check Results for Package activPAL

Last updated on 2024-02-28 16:50:26 CET.

Flavor Version Tinstall Tcheck Ttotal Status Flags
r-devel-linux-x86_64-debian-clang 0.1.3 9.88 111.52 121.40 NOTE
r-devel-linux-x86_64-debian-gcc 0.1.3 8.13 81.88 90.01 NOTE
r-devel-linux-x86_64-fedora-clang 0.1.3 150.32 NOTE
r-devel-linux-x86_64-fedora-gcc 0.1.3 141.39 NOTE
r-devel-windows-x86_64 0.1.3 11.00 93.00 104.00 NOTE
r-patched-linux-x86_64 0.1.3 6.97 104.76 111.73 NOTE
r-release-linux-x86_64 0.1.3 7.59 107.13 114.72 NOTE
r-release-macos-arm64 0.1.3 47.00 NOTE
r-release-macos-x86_64 0.1.3 79.00 NOTE
r-release-windows-x86_64 0.1.3 14.00 113.00 127.00 NOTE
r-oldrel-macos-arm64 0.1.3 42.00 NOTE
r-oldrel-windows-x86_64 0.1.3 15.00 121.00 136.00 NOTE

Check Details

Version: 0.1.3
Check: LazyData
Result: NOTE 'LazyData' is specified without a 'data' directory Flavors: r-devel-linux-x86_64-debian-clang, r-devel-linux-x86_64-debian-gcc, r-devel-linux-x86_64-fedora-clang, r-devel-linux-x86_64-fedora-gcc, r-devel-windows-x86_64, r-patched-linux-x86_64, r-release-linux-x86_64, r-release-macos-arm64, r-release-macos-x86_64, r-release-windows-x86_64, r-oldrel-macos-arm64, r-oldrel-windows-x86_64