CRAN Package Check Results for Package adaptiveGPCA

Last updated on 2024-02-29 00:55:33 CET.

Flavor Version Tinstall Tcheck Ttotal Status Flags
r-devel-linux-x86_64-debian-clang 0.1.3 32.99 312.00 344.99 OK
r-devel-linux-x86_64-debian-gcc 0.1.3 28.04 237.17 265.21 OK
r-devel-linux-x86_64-fedora-clang 0.1.3 414.68 OK
r-devel-linux-x86_64-fedora-gcc 0.1.3 447.18 OK
r-devel-windows-x86_64 0.1.3 27.00 222.00 249.00 OK
r-patched-linux-x86_64 0.1.3 27.22 305.15 332.37 OK
r-release-linux-x86_64 0.1.3 20.80 302.99 323.79 OK
r-release-macos-arm64 0.1.3 10.00 ERROR
r-release-macos-x86_64 0.1.3 6.00 ERROR
r-release-windows-x86_64 0.1.3 36.00 280.00 316.00 OK
r-oldrel-macos-arm64 0.1.3 117.00 OK
r-oldrel-windows-x86_64 0.1.3 37.00 284.00 321.00 OK

Check Details

Version: 0.1.3
Check: package dependencies
Result: ERROR Package required but not available: ‘phyloseq’ See section ‘The DESCRIPTION file’ in the ‘Writing R Extensions’ manual. Flavors: r-release-macos-arm64, r-release-macos-x86_64