CRAN Package Check Results for Package ade4

Last updated on 2024-02-22 00:58:23 CET.

Flavor Version Tinstall Tcheck Ttotal Status Flags
r-devel-linux-x86_64-debian-clang 1.7-22 NOTE
r-devel-linux-x86_64-debian-gcc 1.7-22 73.90 272.91 346.81 NOTE
r-devel-linux-x86_64-fedora-clang 1.7-22 617.43 NOTE
r-devel-linux-x86_64-fedora-gcc 1.7-22 609.40 NOTE
r-devel-windows-x86_64 1.7-22 82.00 368.00 450.00 NOTE
r-patched-linux-x86_64 1.7-22 103.83 366.90 470.73 OK
r-release-linux-x86_64 1.7-22 93.68 362.18 455.86 OK
r-release-macos-arm64 1.7-22 147.00 NOTE
r-release-macos-x86_64 1.7-22 266.00 NOTE
r-release-windows-x86_64 1.7-22 104.00 468.00 572.00 NOTE
r-oldrel-macos-arm64 1.7-22 149.00 NOTE
r-oldrel-windows-x86_64 1.7-22 107.00 455.00 562.00 NOTE

Check Details

Version: 1.7-22
Check: Rd files
Result: NOTE checkRd: (-1) varipart.Rd:19: Lost braces 19 | \item{type}{a character specifying the algorithm which should be used to adjust R-squared (either \code{"simulated"} or \ code{"parametric"}).} | ^ Flavors: r-devel-linux-x86_64-debian-clang, r-devel-linux-x86_64-debian-gcc, r-devel-linux-x86_64-fedora-clang, r-devel-linux-x86_64-fedora-gcc

Version: 1.7-22
Check: installed package size
Result: NOTE installed size is 6.5Mb sub-directories of 1Mb or more: R 1.4Mb data 3.0Mb Flavors: r-devel-linux-x86_64-fedora-clang, r-devel-windows-x86_64, r-release-macos-arm64, r-release-macos-x86_64, r-release-windows-x86_64, r-oldrel-macos-arm64, r-oldrel-windows-x86_64

Version: 1.7-22
Check: dependencies in R code
Result: NOTE Namespace in Imports field not imported from: ‘sp’ All declared Imports should be used. Flavors: r-devel-linux-x86_64-fedora-clang, r-devel-linux-x86_64-fedora-gcc