Last updated on 2024-05-06 00:52:33 CEST.
Flavor | Version | Tinstall | Tcheck | Ttotal | Status | Flags |
---|---|---|---|---|---|---|
r-devel-linux-x86_64-debian-clang | 1.2 | 15.83 | 348.81 | 364.64 | NOTE | |
r-devel-linux-x86_64-debian-gcc | 1.2 | 11.14 | 263.10 | 274.24 | NOTE | |
r-devel-linux-x86_64-fedora-clang | 1.2 | 462.82 | NOTE | |||
r-devel-linux-x86_64-fedora-gcc | 1.2 | 483.89 | NOTE | |||
r-devel-windows-x86_64 | 1.2 | 13.00 | 128.00 | 141.00 | NOTE | --no-vignettes |
r-patched-linux-x86_64 | 1.2 | 10.22 | 345.03 | 355.25 | NOTE | |
r-release-linux-x86_64 | 1.2 | 9.50 | 344.40 | 353.90 | NOTE | |
r-release-macos-arm64 | 1.2 | 163.00 | NOTE | |||
r-release-windows-x86_64 | 1.2 | 15.00 | 139.00 | 154.00 | NOTE | --no-vignettes |
r-oldrel-macos-arm64 | 1.2 | 179.00 | NOTE | |||
r-oldrel-macos-x86_64 | 1.2 | 288.00 | NOTE | |||
r-oldrel-windows-x86_64 | 1.2 | 16.00 | 137.00 | 153.00 | NOTE | --no-vignettes |
Version: 1.2
Check: LazyData
Result: NOTE
'LazyData' is specified without a 'data' directory
Flavors: r-devel-linux-x86_64-debian-clang, r-devel-linux-x86_64-debian-gcc, r-devel-linux-x86_64-fedora-clang, r-devel-linux-x86_64-fedora-gcc, r-patched-linux-x86_64, r-release-linux-x86_64, r-release-macos-arm64, r-oldrel-macos-arm64, r-oldrel-macos-x86_64
Version: 1.2
Check: installed package size
Result: NOTE
installed size is 5.1Mb
sub-directories of 1Mb or more:
doc 4.7Mb
Flavors: r-devel-linux-x86_64-fedora-clang, r-release-macos-arm64, r-oldrel-macos-arm64, r-oldrel-macos-x86_64
Version: 1.2
Flags: --no-vignettes
Check: installed package size
Result: NOTE
installed size is 5.1Mb
sub-directories of 1Mb or more:
doc 4.7Mb
Flavors: r-devel-windows-x86_64, r-release-windows-x86_64, r-oldrel-windows-x86_64
Version: 1.2
Flags: --no-vignettes
Check: LazyData
Result: NOTE
'LazyData' is specified without a 'data' directory
Flavors: r-devel-windows-x86_64, r-release-windows-x86_64, r-oldrel-windows-x86_64