CRAN Package Check Results for Package adklakedata

Last updated on 2024-02-29 00:55:33 CET.

Flavor Version Tinstall Tcheck Ttotal Status Flags
r-devel-linux-x86_64-debian-clang 0.6.1 2.43 26.31 28.74 NOTE
r-devel-linux-x86_64-debian-gcc 0.6.1 1.79 20.51 22.30 NOTE
r-devel-linux-x86_64-fedora-clang 0.6.1 35.12 NOTE
r-devel-linux-x86_64-fedora-gcc 0.6.1 33.34 NOTE
r-devel-windows-x86_64 0.6.1 4.00 44.00 48.00 NOTE
r-patched-linux-x86_64 0.6.1 2.00 26.28 28.28 NOTE
r-release-linux-x86_64 0.6.1 2.03 26.24 28.27 NOTE
r-release-macos-arm64 0.6.1 17.00 NOTE
r-release-macos-x86_64 0.6.1 22.00 NOTE
r-release-windows-x86_64 0.6.1 4.00 44.00 48.00 NOTE
r-oldrel-macos-arm64 0.6.1 17.00 NOTE
r-oldrel-windows-x86_64 0.6.1 4.00 50.00 54.00 NOTE

Check Details

Version: 0.6.1
Check: LazyData
Result: NOTE 'LazyData' is specified without a 'data' directory Flavors: r-devel-linux-x86_64-debian-clang, r-devel-linux-x86_64-debian-gcc, r-devel-linux-x86_64-fedora-clang, r-devel-linux-x86_64-fedora-gcc, r-devel-windows-x86_64, r-patched-linux-x86_64, r-release-linux-x86_64, r-release-macos-arm64, r-release-macos-x86_64, r-release-windows-x86_64, r-oldrel-macos-arm64, r-oldrel-windows-x86_64