CRAN Package Check Results for Package admiral

Last updated on 2024-02-26 16:56:16 CET.

Flavor Version Tinstall Tcheck Ttotal Status Flags
r-devel-linux-x86_64-debian-clang 1.0.1 17.64 406.29 423.93 OK
r-devel-linux-x86_64-debian-gcc 1.0.1 15.73 302.37 318.10 OK
r-devel-linux-x86_64-fedora-clang 1.0.1 506.00 NOTE
r-devel-linux-x86_64-fedora-gcc 1.0.1 494.95 NOTE
r-devel-windows-x86_64 1.0.1 18.00 315.00 333.00 OK
r-patched-linux-x86_64 1.0.1 21.26 391.92 413.18 OK
r-release-linux-x86_64 1.0.1 11.80 387.58 399.38 OK
r-release-macos-arm64 1.0.1 162.00 OK
r-release-macos-x86_64 1.0.1 343.00 OK
r-release-windows-x86_64 1.0.1 23.00 422.00 445.00 OK
r-oldrel-macos-arm64 1.0.1 158.00 OK
r-oldrel-windows-x86_64 1.0.1 24.00 386.00 410.00 OK

Check Details

Version: 1.0.1
Check: data for non-ASCII characters
Result: NOTE Note: found 12 marked UTF-8 strings Flavors: r-devel-linux-x86_64-fedora-clang, r-devel-linux-x86_64-fedora-gcc