CRAN Package Check Results for Package afdx

Last updated on 2024-02-28 08:54:20 CET.

Flavor Version Tinstall Tcheck Ttotal Status Flags
r-devel-linux-x86_64-debian-clang 1.1.1 5.02 73.10 78.12 NOTE
r-devel-linux-x86_64-debian-gcc 1.1.1 4.68 55.94 60.62 NOTE
r-devel-linux-x86_64-fedora-clang 1.1.1 98.32 NOTE
r-devel-linux-x86_64-fedora-gcc 1.1.1 110.49 NOTE
r-devel-windows-x86_64 1.1.1 7.00 82.00 89.00 NOTE
r-patched-linux-x86_64 1.1.1 5.72 70.93 76.65 NOTE
r-release-linux-x86_64 1.1.1 6.78 70.25 77.03 NOTE
r-release-macos-arm64 1.1.1 41.00 NOTE
r-release-macos-x86_64 1.1.1 63.00 NOTE
r-release-windows-x86_64 1.1.1 8.00 89.00 97.00 NOTE
r-oldrel-macos-arm64 1.1.1 34.00 OK
r-oldrel-windows-x86_64 1.1.1 8.00 96.00 104.00 OK

Check Details

Version: 1.1.1
Check: package subdirectories
Result: NOTE Problems with news in ‘NEWS.md’: No news entries found. Flavors: r-devel-linux-x86_64-debian-clang, r-devel-linux-x86_64-debian-gcc, r-devel-linux-x86_64-fedora-clang, r-devel-linux-x86_64-fedora-gcc, r-devel-windows-x86_64, r-patched-linux-x86_64, r-release-linux-x86_64, r-release-macos-arm64, r-release-macos-x86_64, r-release-windows-x86_64