CRAN Package Check Results for Package afmToolkit

Last updated on 2024-02-28 00:56:13 CET.

Flavor Version Tinstall Tcheck Ttotal Status Flags
r-devel-linux-x86_64-debian-clang 0.0.1 7.91 73.54 81.45 OK
r-devel-linux-x86_64-debian-gcc 0.0.1 6.57 54.56 61.13 OK
r-devel-linux-x86_64-fedora-clang 0.0.1 97.27 NOTE
r-devel-linux-x86_64-fedora-gcc 0.0.1 92.76 NOTE
r-devel-windows-x86_64 0.0.1 8.00 76.00 84.00 OK
r-patched-linux-x86_64 0.0.1 6.99 68.65 75.64 OK
r-release-linux-x86_64 0.0.1 6.93 69.53 76.46 OK
r-release-macos-arm64 0.0.1 35.00 OK
r-release-macos-x86_64 0.0.1 50.00 OK
r-release-windows-x86_64 0.0.1 10.00 87.00 97.00 OK
r-oldrel-macos-arm64 0.0.1 32.00 NOTE
r-oldrel-windows-x86_64 0.0.1 9.00 90.00 99.00 OK

Check Details

Version: 0.0.1
Check: dependencies in R code
Result: NOTE Namespaces in Imports field not imported from: ‘DBI’ ‘assertthat’ ‘tibble’ All declared Imports should be used. Flavors: r-devel-linux-x86_64-fedora-clang, r-devel-linux-x86_64-fedora-gcc, r-oldrel-macos-arm64