Last updated on 2023-12-04 00:52:33 CET.
Flavor | Version | Tinstall | Tcheck | Ttotal | Status | Flags |
---|---|---|---|---|---|---|
r-devel-linux-x86_64-debian-clang | 0.2.3 | 4.79 | 49.65 | 54.44 | OK | |
r-devel-linux-x86_64-debian-gcc | 0.2.3 | 3.67 | 36.49 | 40.16 | OK | |
r-devel-linux-x86_64-fedora-clang | 0.2.3 | 65.92 | NOTE | |||
r-devel-linux-x86_64-fedora-gcc | 0.2.3 | 62.62 | NOTE | |||
r-devel-windows-x86_64 | 0.2.3 | 5.00 | 60.00 | 65.00 | OK | |
r-patched-linux-x86_64 | 0.2.3 | 5.20 | 47.35 | 52.55 | OK | |
r-release-linux-x86_64 | 0.2.3 | 5.20 | 46.90 | 52.10 | OK | |
r-release-macos-arm64 | 0.2.3 | 35.00 | OK | |||
r-release-macos-x86_64 | 0.2.3 | 42.00 | OK | |||
r-release-windows-x86_64 | 0.2.3 | 6.00 | 64.00 | 70.00 | OK | |
r-oldrel-macos-arm64 | 0.2.3 | 37.00 | OK | |||
r-oldrel-macos-x86_64 | 0.2.3 | 41.00 | OK | |||
r-oldrel-windows-x86_64 | 0.2.3 | 6.00 | 67.00 | 73.00 | OK |
Version: 0.2.3
Check: data for non-ASCII characters
Result: NOTE
Note: found 11 marked UTF-8 strings
Flavors: r-devel-linux-x86_64-fedora-clang, r-devel-linux-x86_64-fedora-gcc