CRAN Package Check Results for Package ahnr

Last updated on 2024-02-26 08:48:38 CET.

Flavor Version Tinstall Tcheck Ttotal Status Flags
r-devel-linux-x86_64-debian-clang 0.3.1 5.75 147.18 152.93 NOTE
r-devel-linux-x86_64-debian-gcc 0.3.1 4.78 101.40 106.18 NOTE
r-devel-linux-x86_64-fedora-clang 0.3.1 179.43 NOTE
r-devel-linux-x86_64-fedora-gcc 0.3.1 185.26 NOTE
r-devel-windows-x86_64 0.3.1 6.00 113.00 119.00 NOTE
r-patched-linux-x86_64 0.3.1 5.35 140.99 146.34 NOTE
r-release-linux-x86_64 0.3.1 4.92 138.94 143.86 NOTE
r-release-macos-arm64 0.3.1 55.00 NOTE
r-release-macos-x86_64 0.3.1 98.00 NOTE
r-release-windows-x86_64 0.3.1 8.00 132.00 140.00 NOTE
r-oldrel-macos-arm64 0.3.1 47.00 NOTE
r-oldrel-windows-x86_64 0.3.1 8.00 144.00 152.00 NOTE

Check Details

Version: 0.3.1
Check: LazyData
Result: NOTE 'LazyData' is specified without a 'data' directory Flavors: r-devel-linux-x86_64-debian-clang, r-devel-linux-x86_64-debian-gcc, r-devel-linux-x86_64-fedora-clang, r-devel-linux-x86_64-fedora-gcc, r-devel-windows-x86_64, r-patched-linux-x86_64, r-release-linux-x86_64, r-release-macos-arm64, r-release-macos-x86_64, r-release-windows-x86_64, r-oldrel-macos-arm64, r-oldrel-windows-x86_64