CRAN Package Check Results for Package ahpsurvey

Last updated on 2024-02-23 08:53:25 CET.

Flavor Version Tinstall Tcheck Ttotal Status Flags
r-devel-linux-x86_64-debian-clang 0.4.1 OK
r-devel-linux-x86_64-debian-gcc 0.4.1 4.60 46.62 51.22 OK
r-devel-linux-x86_64-fedora-clang 0.4.1 82.54 NOTE
r-devel-linux-x86_64-fedora-gcc 0.4.1 142.74 NOTE
r-devel-windows-x86_64 0.4.1 7.00 66.00 73.00 OK
r-patched-linux-x86_64 0.4.1 5.70 59.52 65.22 OK
r-release-linux-x86_64 0.4.1 4.42 59.94 64.36 OK
r-release-macos-arm64 0.4.1 48.00 OK
r-release-macos-x86_64 0.4.1 87.00 OK
r-release-windows-x86_64 0.4.1 8.00 74.00 82.00 OK
r-oldrel-macos-arm64 0.4.1 41.00 NOTE
r-oldrel-windows-x86_64 0.4.1 8.00 76.00 84.00 OK

Check Details

Version: 0.4.1
Check: dependencies in R code
Result: NOTE Namespaces in Imports field not imported from: ‘knitr’ ‘randomNames’ ‘tidyr’ All declared Imports should be used. Flavors: r-devel-linux-x86_64-fedora-clang, r-devel-linux-x86_64-fedora-gcc, r-oldrel-macos-arm64