CRAN Package Check Results for Package alakazam

Last updated on 2024-02-26 16:56:17 CET.

Flavor Version Tinstall Tcheck Ttotal Status Flags
r-devel-linux-x86_64-debian-clang 1.3.0 72.24 692.44 764.68 NOTE
r-devel-linux-x86_64-debian-gcc 1.3.0 60.69 518.49 579.18 NOTE
r-devel-linux-x86_64-fedora-clang 1.3.0 982.65 NOTE
r-devel-linux-x86_64-fedora-gcc 1.3.0 978.00 NOTE
r-devel-windows-x86_64 1.3.0 62.00 639.00 701.00 OK
r-patched-linux-x86_64 1.3.0 70.66 674.05 744.71 OK
r-release-linux-x86_64 1.3.0 52.35 678.15 730.50 OK
r-release-macos-arm64 1.3.0 235.00 OK
r-release-macos-x86_64 1.3.0 560.00 OK
r-release-windows-x86_64 1.3.0 80.00 788.00 868.00 OK
r-oldrel-macos-arm64 1.3.0 204.00 OK
r-oldrel-windows-x86_64 1.3.0 76.00 718.00 794.00 OK

Check Details

Version: 1.3.0
Check: Rd files
Result: NOTE checkRd: (-1) buildPhylipLineage.Rd:61: Lost braces; missing escapes or markup? 61 | names with the format {"Inferred1", "Inferred2", ...}. | ^ Flavors: r-devel-linux-x86_64-debian-clang, r-devel-linux-x86_64-debian-gcc, r-devel-linux-x86_64-fedora-clang, r-devel-linux-x86_64-fedora-gcc