CRAN Package Check Results for Package algaeClassify

Last updated on 2024-03-03 01:00:36 CET.

Flavor Version Tinstall Tcheck Ttotal Status Flags
r-devel-linux-x86_64-debian-clang 2.0.2 4.30 39.55 43.85 ERROR
r-devel-linux-x86_64-debian-gcc 2.0.2 3.40 31.96 35.36 OK
r-devel-linux-x86_64-fedora-clang 2.0.2 56.93 OK
r-devel-linux-x86_64-fedora-gcc 2.0.2 54.04 OK
r-devel-windows-x86_64 2.0.2 7.00 71.00 78.00 OK
r-patched-linux-x86_64 2.0.2 5.07 41.05 46.12 OK
r-release-linux-x86_64 2.0.2 3.74 40.85 44.59 OK
r-release-macos-arm64 2.0.2 44.00 OK
r-release-macos-x86_64 2.0.2 264.00 OK
r-release-windows-x86_64 2.0.2 7.00 75.00 82.00 OK
r-oldrel-macos-arm64 1.3.2 20.00 OK
r-oldrel-windows-x86_64 1.3.2 6.00 54.00 60.00 OK

Check Details

Version: 2.0.2
Check: examples
Result: ERROR Running examples in ‘algaeClassify-Ex.R’ failed The error most likely occurred in: > base::assign(".ptime", proc.time(), pos = "CheckExEnv") > ### Name: genus_search_itis > ### Title: Wrapper function for several functions in ritis:: Searches ITIS > ### database for matches to a genus name > ### Aliases: genus_search_itis > > ### ** Examples > > genus='Anabaena' > genus_search_itis(genus,higher=FALSE) Error: Bad Gateway (HTTP 502) Execution halted Flavor: r-devel-linux-x86_64-debian-clang