CRAN Package Check Results for Package altdoc

Last updated on 2024-02-23 00:59:22 CET.

Flavor Version Tinstall Tcheck Ttotal Status Flags
r-devel-linux-x86_64-debian-clang 0.2.2 OK
r-devel-linux-x86_64-debian-gcc 0.2.2 2.73 54.12 56.85 OK
r-devel-linux-x86_64-fedora-clang 0.3.0 167.57 OK
r-devel-linux-x86_64-fedora-gcc 0.3.0 179.76 OK
r-devel-windows-x86_64 0.2.2 4.00 82.00 86.00 OK
r-patched-linux-x86_64 0.2.2 3.86 69.40 73.26 OK
r-release-linux-x86_64 0.2.2 2.75 70.49 73.24 OK
r-release-macos-arm64 0.3.0 36.00 ERROR
r-release-macos-x86_64 0.3.0 78.00 ERROR
r-release-windows-x86_64 0.3.0 5.00 157.00 162.00 OK
r-oldrel-macos-arm64 0.3.0 34.00 ERROR
r-oldrel-windows-x86_64 0.2.2 6.00 229.00 235.00 OK

Check Details

Version: 0.3.0
Check: tests
Result: ERROR Running ‘spelling.R’ [0s/0s] Running ‘testthat.R’ [8s/10s] Running the tests in ‘tests/testthat.R’ failed. Last 13 lines of output: ▆ 1. └─altdoc::render_docs(path = getwd()) at test-update.R:111:5 2. └─cli::cli_abort("There were some failures when rendering vignettes.") 3. └─rlang::abort(...) ── Error ('test-update.R:111:5'): render_docs also transform new/modified vignettes if specified: docsify ── Error in `render_docs(path = getwd())`: There were some failures when rendering vignettes. Backtrace: ▆ 1. └─altdoc::render_docs(path = getwd()) at test-update.R:111:5 2. └─cli::cli_abort("There were some failures when rendering vignettes.") 3. └─rlang::abort(...) [ FAIL 5 | WARN 0 | SKIP 7 | PASS 56 ] Error: Test failures Execution halted Flavor: r-release-macos-arm64

Version: 0.3.0
Check: tests
Result: ERROR Running ‘spelling.R’ [0s/0s] Running ‘testthat.R’ [13s/24s] Running the tests in ‘tests/testthat.R’ failed. Last 13 lines of output: ▆ 1. └─altdoc::render_docs(path = getwd()) at test-update.R:111:5 2. └─cli::cli_abort("There were some failures when rendering vignettes.") 3. └─rlang::abort(...) ── Error ('test-update.R:111:5'): render_docs also transform new/modified vignettes if specified: docsify ── Error in `render_docs(path = getwd())`: There were some failures when rendering vignettes. Backtrace: ▆ 1. └─altdoc::render_docs(path = getwd()) at test-update.R:111:5 2. └─cli::cli_abort("There were some failures when rendering vignettes.") 3. └─rlang::abort(...) [ FAIL 5 | WARN 0 | SKIP 7 | PASS 56 ] Error: Test failures Execution halted Flavor: r-release-macos-x86_64

Version: 0.3.0
Check: tests
Result: ERROR Running ‘spelling.R’ [0s/0s] Running ‘testthat.R’ [9s/11s] Running the tests in ‘tests/testthat.R’ failed. Last 13 lines of output: ▆ 1. └─altdoc::render_docs(path = getwd()) at test-update.R:111:5 2. └─cli::cli_abort("There were some failures when rendering vignettes.") 3. └─rlang::abort(...) ── Error ('test-update.R:111:5'): render_docs also transform new/modified vignettes if specified: docsify ── Error in `render_docs(path = getwd())`: There were some failures when rendering vignettes. Backtrace: ▆ 1. └─altdoc::render_docs(path = getwd()) at test-update.R:111:5 2. └─cli::cli_abort("There were some failures when rendering vignettes.") 3. └─rlang::abort(...) [ FAIL 5 | WARN 0 | SKIP 7 | PASS 56 ] Error: Test failures Execution halted Flavor: r-oldrel-macos-arm64