CRAN Package Check Results for Package amanida

Last updated on 2024-03-03 01:00:36 CET.

Flavor Version Tinstall Tcheck Ttotal Status Flags
r-devel-linux-x86_64-debian-clang 0.3.0 10.25 132.79 143.04 OK
r-devel-linux-x86_64-debian-gcc 0.3.0 7.46 102.36 109.82 OK
r-devel-linux-x86_64-fedora-clang 0.3.0 119.94 NOTE
r-devel-linux-x86_64-fedora-gcc 0.3.0 124.87 NOTE
r-devel-windows-x86_64 0.3.0 10.00 84.00 94.00 NOTE
r-patched-linux-x86_64 0.3.0 5.67 126.48 132.15 OK
r-release-linux-x86_64 0.3.0 6.49 130.01 136.50 OK
r-release-macos-arm64 0.3.0 45.00 NOTE
r-release-macos-x86_64 0.3.0 100.00 NOTE
r-release-windows-x86_64 0.3.0 12.00 101.00 113.00 NOTE
r-oldrel-macos-arm64 0.3.0 44.00 NOTE
r-oldrel-windows-x86_64 0.3.0 13.00 103.00 116.00 NOTE

Check Details

Version: 0.3.0
Check: package dependencies
Result: NOTE Package suggested but not available for checking: ‘metaboliteIDmapping’ Flavors: r-devel-linux-x86_64-fedora-clang, r-devel-linux-x86_64-fedora-gcc, r-devel-windows-x86_64, r-release-macos-arm64, r-release-macos-x86_64, r-release-windows-x86_64, r-oldrel-macos-arm64, r-oldrel-windows-x86_64

Version: 0.3.0
Check: dependencies in R code
Result: NOTE Namespaces in Imports field not imported from: ‘magrittr’ ‘tidyverse’ All declared Imports should be used. Flavors: r-devel-linux-x86_64-fedora-clang, r-devel-linux-x86_64-fedora-gcc