CRAN Package Check Results for Package analyzer

Last updated on 2024-03-03 01:00:36 CET.

Flavor Version Tinstall Tcheck Ttotal Status Flags
r-devel-linux-x86_64-debian-clang 1.0.1 6.89 97.97 104.86 NOTE
r-devel-linux-x86_64-debian-gcc 1.0.1 5.84 73.83 79.67 NOTE
r-devel-linux-x86_64-fedora-clang 1.0.1 127.67 NOTE
r-devel-linux-x86_64-fedora-gcc 1.0.1 134.29 NOTE
r-devel-windows-x86_64 1.0.1 7.00 89.00 96.00 NOTE
r-patched-linux-x86_64 1.0.1 7.07 92.31 99.38 NOTE
r-release-linux-x86_64 1.0.1 5.25 93.83 99.08 NOTE
r-release-macos-arm64 1.0.1 45.00 NOTE
r-release-macos-x86_64 1.0.1 76.00 NOTE
r-release-windows-x86_64 1.0.1 11.00 109.00 120.00 NOTE
r-oldrel-macos-arm64 1.0.1 40.00 NOTE
r-oldrel-windows-x86_64 1.0.1 10.00 102.00 112.00 NOTE

Check Details

Version: 1.0.1
Check: LazyData
Result: NOTE 'LazyData' is specified without a 'data' directory Flavors: r-devel-linux-x86_64-debian-clang, r-devel-linux-x86_64-debian-gcc, r-devel-linux-x86_64-fedora-clang, r-devel-linux-x86_64-fedora-gcc, r-devel-windows-x86_64, r-patched-linux-x86_64, r-release-linux-x86_64, r-release-macos-arm64, r-release-macos-x86_64, r-release-windows-x86_64, r-oldrel-macos-arm64, r-oldrel-windows-x86_64