CRAN Package Check Results for Package aniview

Last updated on 2024-06-05 00:48:42 CEST.

Flavor Version Tinstall Tcheck Ttotal Status Flags
r-devel-linux-x86_64-debian-clang 0.1.0 2.64 29.91 32.55 NOTE
r-devel-linux-x86_64-debian-gcc 0.1.0 1.66 22.94 24.60 NOTE
r-devel-linux-x86_64-fedora-clang 0.1.0 39.83 NOTE
r-devel-linux-x86_64-fedora-gcc 0.1.0 37.50 NOTE
r-devel-windows-x86_64 0.1.0 3.00 49.00 52.00 NOTE
r-patched-linux-x86_64 0.1.0 2.14 28.02 30.16 NOTE
r-release-linux-x86_64 0.1.0 2.35 28.75 31.10 NOTE
r-release-macos-arm64 0.1.0 18.00 NOTE
r-release-windows-x86_64 0.1.0 3.00 49.00 52.00 NOTE
r-oldrel-macos-arm64 0.1.0 20.00 NOTE
r-oldrel-macos-x86_64 0.1.0 24.00 NOTE
r-oldrel-windows-x86_64 0.1.0 4.00 50.00 54.00 NOTE

Check Details

Version: 0.1.0
Check: LazyData
Result: NOTE 'LazyData' is specified without a 'data' directory Flavors: r-devel-linux-x86_64-debian-clang, r-devel-linux-x86_64-debian-gcc, r-devel-linux-x86_64-fedora-clang, r-devel-linux-x86_64-fedora-gcc, r-devel-windows-x86_64, r-patched-linux-x86_64, r-release-linux-x86_64, r-release-macos-arm64, r-release-windows-x86_64, r-oldrel-macos-arm64, r-oldrel-macos-x86_64, r-oldrel-windows-x86_64