Last updated on 2024-05-02 08:57:33 CEST.
Flavor | Version | Tinstall | Tcheck | Ttotal | Status | Flags |
---|---|---|---|---|---|---|
r-devel-linux-x86_64-debian-clang | 0.18.1 | 10.01 | 118.66 | 128.67 | OK | |
r-devel-linux-x86_64-debian-gcc | 0.18.1 | 7.47 | 122.25 | 129.72 | OK | |
r-devel-linux-x86_64-fedora-clang | 0.18.1 | 185.99 | OK | |||
r-devel-linux-x86_64-fedora-gcc | 0.18.1 | 191.44 | OK | |||
r-devel-windows-x86_64 | 0.18.1 | 10.00 | 112.00 | 122.00 | OK | |
r-patched-linux-x86_64 | 0.18.1 | 13.70 | 140.75 | 154.45 | OK | |
r-release-linux-x86_64 | 0.18.1 | 7.56 | 138.97 | 146.53 | OK | |
r-release-macos-arm64 | 0.18.1 | 52.00 | OK | |||
r-release-windows-x86_64 | 0.18.1 | 10.00 | 111.00 | 121.00 | OK | |
r-oldrel-macos-arm64 | 0.18.1 | 54.00 | NOTE | |||
r-oldrel-macos-x86_64 | 0.18.1 | 89.00 | NOTE | |||
r-oldrel-windows-x86_64 | 0.18.1 | 11.00 | 132.00 | 143.00 | OK |
Version: 0.18.1
Check: package dependencies
Result: NOTE
Package suggested but not available for checking: ‘rhdf5’
Flavors: r-oldrel-macos-arm64, r-oldrel-macos-x86_64