CRAN Package Check Results for Package antaresRead

Last updated on 2024-03-03 01:00:36 CET.

Flavor Version Tinstall Tcheck Ttotal Status Flags
r-devel-linux-x86_64-debian-clang 2.6.0 17.39 198.26 215.65 NOTE
r-devel-linux-x86_64-debian-gcc 2.6.0 13.56 200.28 213.84 NOTE
r-devel-linux-x86_64-fedora-clang 2.6.0 331.80 NOTE
r-devel-linux-x86_64-fedora-gcc 2.6.0 339.29 NOTE
r-devel-windows-x86_64 2.6.0 16.00 167.00 183.00 OK
r-patched-linux-x86_64 2.6.0 19.71 233.08 252.79 OK
r-release-linux-x86_64 2.6.0 12.02 231.95 243.97 OK
r-release-macos-arm64 2.6.0 81.00 NOTE
r-release-macos-x86_64 2.6.0 151.00 NOTE
r-release-windows-x86_64 2.6.0 19.00 212.00 231.00 OK
r-oldrel-macos-arm64 2.6.0 74.00 OK
r-oldrel-windows-x86_64 2.6.0 21.00 206.00 227.00 OK

Check Details

Version: 2.6.0
Check: Rd files
Result: NOTE checkRd: (-1) aggregatate_mc_all.Rd:40: Lost braces in \itemize; meant \describe ? checkRd: (-1) aggregatate_mc_all.Rd:41: Lost braces in \itemize; meant \describe ? checkRd: (-1) aggregatate_mc_all.Rd:42: Lost braces in \itemize; meant \describe ? Flavors: r-devel-linux-x86_64-debian-clang, r-devel-linux-x86_64-debian-gcc, r-devel-linux-x86_64-fedora-clang, r-devel-linux-x86_64-fedora-gcc

Version: 2.6.0
Check: package dependencies
Result: NOTE Package suggested but not available for checking: ‘rhdf5’ Flavors: r-release-macos-arm64, r-release-macos-x86_64