CRAN Package Check Results for Package antitrust

Last updated on 2024-02-22 16:49:10 CET.

Flavor Version Tinstall Tcheck Ttotal Status Flags
r-devel-linux-x86_64-debian-clang 0.99.26 NOTE
r-devel-linux-x86_64-debian-gcc 0.99.26 10.87 68.76 79.63 NOTE
r-devel-linux-x86_64-fedora-clang 0.99.26 135.97 NOTE
r-devel-linux-x86_64-fedora-gcc 0.99.26 144.04 NOTE
r-devel-windows-x86_64 0.99.26 12.00 90.00 102.00 OK
r-patched-linux-x86_64 0.99.26 12.64 92.22 104.86 OK
r-release-linux-x86_64 0.99.26 12.30 91.72 104.02 OK
r-release-macos-arm64 0.99.26 45.00 OK
r-release-macos-x86_64 0.99.26 72.00 NOTE
r-release-windows-x86_64 0.99.26 13.00 107.00 120.00 OK
r-oldrel-macos-arm64 0.99.26 40.00 OK
r-oldrel-windows-x86_64 0.99.26 22.00 100.00 122.00 OK

Check Details

Version: 0.99.26
Check: Rd files
Result: NOTE checkRd: (-1) PS-methods.Rd:61: Lost braces in \itemize; \value handles \item{}{} directly checkRd: (-1) PS-methods.Rd:62: Lost braces in \itemize; \value handles \item{}{} directly checkRd: (-1) PS-methods.Rd:63: Lost braces in \itemize; \value handles \item{}{} directly checkRd: (-1) PS-methods.Rd:64: Lost braces in \itemize; \value handles \item{}{} directly checkRd: (-1) PS-methods.Rd:65-67: Lost braces in \itemize; \value handles \item{}{} directly checkRd: (-1) Sim-Functions.Rd:126: Lost braces in \itemize; meant \describe ? checkRd: (-1) Sim-Functions.Rd:127-129: Lost braces in \itemize; meant \describe ? checkRd: (-1) Sim-Functions.Rd:135: Lost braces in \itemize; meant \describe ? checkRd: (-1) Sim-Functions.Rd:136-137: Lost braces in \itemize; meant \describe ? checkRd: (-1) Sim-Functions.Rd:138-140: Lost braces in \itemize; meant \describe ? checkRd: (-1) Sim-Functions.Rd:141-143: Lost braces in \itemize; meant \describe ? Flavors: r-devel-linux-x86_64-debian-clang, r-devel-linux-x86_64-debian-gcc, r-devel-linux-x86_64-fedora-clang, r-devel-linux-x86_64-fedora-gcc

Version: 0.99.26
Check: package dependencies
Result: NOTE Package suggested but not available for checking: ‘competitiontoolbox’ Flavor: r-release-macos-x86_64

Version: 0.99.26
Check: Rd cross-references
Result: NOTE Package unavailable to check Rd xrefs: ‘competitiontoolbox’ Flavor: r-release-macos-x86_64