CRAN Package Check Results for Package aods3

Last updated on 2024-02-28 16:50:27 CET.

Flavor Version Tinstall Tcheck Ttotal Status Flags
r-devel-linux-x86_64-debian-clang 0.4-1.2 3.76 41.94 45.70 NOTE
r-devel-linux-x86_64-debian-gcc 0.4-1.2 3.00 31.48 34.48 NOTE
r-devel-linux-x86_64-fedora-clang 0.4-1.2 55.41 NOTE
r-devel-linux-x86_64-fedora-gcc 0.4-1.2 56.97 NOTE
r-devel-windows-x86_64 0.4-1.2 4.00 55.00 59.00 OK
r-patched-linux-x86_64 0.4-1.2 4.90 41.18 46.08 OK
r-release-linux-x86_64 0.4-1.2 3.18 40.54 43.72 OK
r-release-macos-arm64 0.4-1.2 22.00 OK
r-release-macos-x86_64 0.4-1.2 28.00 OK
r-release-windows-x86_64 0.4-1.2 4.00 59.00 63.00 OK
r-oldrel-macos-arm64 0.4-1.2 21.00 OK
r-oldrel-windows-x86_64 0.4-1.2 6.00 62.00 68.00 OK

Additional issues

M1mac

Check Details

Version: 0.4-1.2
Check: Rd files
Result: NOTE checkRd: (-1) gof.Rd:32: Lost braces 32 | Assuming that the data length is \eqn{N} and the number of the parameters in the model is \eqn{p}, eqn{D} and eqn{X^2} are compared to a chi-squared distribution with \eqn{N-p} degrees of freedom. | ^ checkRd: (-1) gof.Rd:32: Lost braces 32 | Assuming that the data length is \eqn{N} and the number of the parameters in the model is \eqn{p}, eqn{D} and eqn{X^2} are compared to a chi-squared distribution with \eqn{N-p} degrees of freedom. | ^ checkRd: (-1) iccbin.Rd:23: Lost braces 23 | \item{m}{A vector of the numbers of successes (proportions are eqn{y = m / n}).} | ^ checkRd: (-1) varbin.Rd:22: Lost braces 22 | \item{m}{A vector of the numbers of successes (proportions are eqn{y = m / n}).} | ^ Flavors: r-devel-linux-x86_64-debian-clang, r-devel-linux-x86_64-debian-gcc, r-devel-linux-x86_64-fedora-clang, r-devel-linux-x86_64-fedora-gcc